{"id":29298,"date":"2021-03-01T10:35:19","date_gmt":"2021-03-01T08:35:19","guid":{"rendered":"https:\/\/www.pussycatmerida.com\/eshop\/product\/darkness-arnes-con-agujero-talla-unica\/"},"modified":"2026-03-11T12:27:00","modified_gmt":"2026-03-11T11:27:00","slug":"darkness-arnes-con-agujero-talla-unica","status":"publish","type":"product","link":"https:\/\/www.pussycatmerida.com\/eshop\/producto\/darkness-arnes-con-agujero-talla-unica\/","title":{"rendered":"DARKNESS ARN\u00c9S CON AGUJERO TALLA UNICA"},"content":{"rendered":"<p>Conoces el juego de la dominaci\u00f3n y la sumisi\u00f3n? Darkness te brinda la oportunidad de dar rienda suelta a a todas tus fantas\u00edas, present\u00e1ndote una amplia gama de art\u00edculos fetish de alta calidad donde encontrar\u00e1s todo lo necesario para llevar a tu amante al siguiente nivel.\u00a0<\/p>\n<ul>\n<li>Arn\u00e9s hueco para insertar tu dildo favorito\u00a0<\/li>\n<li>Di\u00e1metro del agujero: 3.5 cm\u00a0<\/li>\n<li>Material el\u00e1stico para m\u00e1xima comodidad\u00a0<\/li>\n<li>Panties de cuero PU\u00a0<\/li>\n<li>Panties de talla \u00fanica\u00a0<\/li>\n<\/ul>\n<p>Darkness es una marca de nueva generaci\u00f3n 2020, todos nuestros materiales son de excelente calidad asegurando que la fabricaci\u00f3n compromete un resultado perfecto para principiantes o avanzados que le gusta el mundo Fetish o bdsm.<\/p>\n<p style=\"text-align: center;\"><iframe loading=\"lazy\" allow=\"accelerometer; autoplay; encrypted-media; gyroscope; picture-in-picture\" allowfullscreen=\"\" frameborder=\"0\" height=\"350\" scrolling=\"no\" src=\"https:\/\/www.youtube-nocookie.com\/embed\/zyzIGE1qUy0\" width=\"800\"><\/iframe><\/p>\n","protected":false},"excerpt":{"rendered":"<p>DARKNESS HOLE STRAP ONE SIZE<\/p>\n","protected":false},"featured_media":57245,"template":"","meta":[],"pwb-brand":[467,468],"product_brand":[],"product_cat":[423,282,274],"product_tag":[],"class_list":{"0":"post-29298","1":"product","2":"type-product","3":"status-publish","4":"has-post-thumbnail","6":"pwb-brand-darkness","7":"pwb-brand-darknessdarkness-sensations","8":"product_cat-juguetes-sexuales-xxxfetish-bondagebdsm-accesorios","9":"product_cat-juguetes-sexuales-xxxfetish-bondage","10":"product_cat-juguetes-sexuales-xxx","11":"post_count_is_0","12":"boutique_post_style_4","14":"first","15":"instock","16":"taxable","17":"shipping-taxable","18":"purchasable","19":"product-type-simple","20":"boutique_image_style_2"},"brands":[{"id":467,"name":"DARKNESS","slug":"darkness"},{"id":468,"name":"DARKNESS SENSATIONS","slug":"darknessdarkness-sensations"}],"_links":{"self":[{"href":"https:\/\/www.pussycatmerida.com\/eshop\/wp-json\/wp\/v2\/product\/29298","targetHints":{"allow":["GET"]}}],"collection":[{"href":"https:\/\/www.pussycatmerida.com\/eshop\/wp-json\/wp\/v2\/product"}],"about":[{"href":"https:\/\/www.pussycatmerida.com\/eshop\/wp-json\/wp\/v2\/types\/product"}],"wp:featuredmedia":[{"embeddable":true,"href":"https:\/\/www.pussycatmerida.com\/eshop\/wp-json\/wp\/v2\/media\/57245"}],"wp:attachment":[{"href":"https:\/\/www.pussycatmerida.com\/eshop\/wp-json\/wp\/v2\/media?parent=29298"}],"wp:term":[{"taxonomy":"pwb-brand","embeddable":true,"href":"https:\/\/www.pussycatmerida.com\/eshop\/wp-json\/wp\/v2\/pwb-brand?post=29298"},{"taxonomy":"product_brand","embeddable":true,"href":"https:\/\/www.pussycatmerida.com\/eshop\/wp-json\/wp\/v2\/product_brand?post=29298"},{"taxonomy":"product_cat","embeddable":true,"href":"https:\/\/www.pussycatmerida.com\/eshop\/wp-json\/wp\/v2\/product_cat?post=29298"},{"taxonomy":"product_tag","embeddable":true,"href":"https:\/\/www.pussycatmerida.com\/eshop\/wp-json\/wp\/v2\/product_tag?post=29298"}],"curies":[{"name":"wp","href":"https:\/\/api.w.org\/{rel}","templated":true}]}}