{"id":30627,"date":"2021-03-01T10:48:12","date_gmt":"2021-03-01T08:48:12","guid":{"rendered":"https:\/\/www.pussycatmerida.com\/eshop\/product\/satisfyer-feel-confident-kit-copa-menstrual-azul-intenso-1520ml\/"},"modified":"2023-02-06T12:59:05","modified_gmt":"2023-02-06T11:59:05","slug":"satisfyer-feel-confident-kit-copa-menstrual-azul-intenso-1520ml","status":"publish","type":"product","link":"https:\/\/www.pussycatmerida.com\/eshop\/producto\/satisfyer-feel-confident-kit-copa-menstrual-azul-intenso-1520ml\/","title":{"rendered":"SATISFYER FEEL CONFIDENT KIT COPA MENSTRUAL AZUL INTENSO 15+20ML"},"content":{"rendered":"<p>Qu\u00e9 podr\u00eda ser m\u00e1s agradable que ser mujer?. Para muchas mujeres, el per\u00edodo menstrual no es muy divertido: convulsiones, caos hormonal y la constante preocupaci\u00f3n de que algo salga mal: \u00a1es hora de hacerlo un poco m\u00e1s f\u00e1cil, al menos en lo que respecta a la higiene femenina!<\/p>\n<p>Bendita es la nueva tendencia en el mundo de las mujeres: las copas menstruales no solo son una alternativa ecol\u00f3gica a los tampones y similares, sino que tambi\u00e9n impresionan con su uso sin complicaciones. El Set Feel Good ofrece dos copas menstruales hechas de silicona m\u00e9dica y agradable para la piel, con una capacidad de 15 y 20 ml. Gracias a la fabricaci\u00f3n sin costuras y al cord\u00f3n extra\u00edble elegante, la copa es muy f\u00e1cil y agradable de usar. El material flexible se adapta perfectamente a sus contornos y ofrece protecci\u00f3n segura e higi\u00e9nica durante un per\u00edodo de hasta 12 horas. \u00a1finalmente puedes disfrutar de deportes, sauna o ba\u00f1os termales completamente relajado!<\/p>\n<p>Otra ventaja: se ahorra los tampones caros, que afectan su flora vaginal y pueden dejar rasgaduras finas en la pared vaginal cuando se retiran. Entonces, trata el templo de su feminidad con salud y al mismo tiempo haz algo por el medio ambiente: sin compras adicionales, sin eliminaci\u00f3n. Con buen cuidado, puede disfrutar de su Copa Menstrual durante muchos a\u00f1os. Simplemente bueno, no es as\u00ed?<\/p>\n<p>Silicona de grado m\u00e9dico<\/p>\n<ul>\n<li>Reutilizable<\/li>\n<li>Apto para principiantes y mujeres avanzadas<\/li>\n<li>El kit incluye 2 copas \u00a0<\/li>\n<li>Dise\u00f1o Feel confident<\/li>\n<li>Copas de 15 y 20ml<\/li>\n<\/ul>\n<p>MATERIAL Y CUIDADO<\/p>\n<p>La copa menstrual est\u00e1 hecha de silicona m\u00e9dica que no da\u00f1a la piel, f\u00e1cil de deslizar y flexible. Para una inserci\u00f3n particularmente f\u00e1cil, puede lubricantes a base de agua de Waterfeel que son ideales para el producto. Antes de usar por primera vez o entre dos per\u00edodos, puede limpiar su copa hirvi\u00e9ndola en agua durante unos minutos. Durante el per\u00edodo, el lavado con agua limpia es suficiente.<\/p>\n","protected":false},"excerpt":{"rendered":"<p>SATISFYER FEEL CONFIDENT MENSTRUAL CUP DARK BLUE 15+20ML<\/p>\n","protected":false},"featured_media":58267,"template":"","meta":[],"pwb-brand":[43],"product_brand":[],"product_cat":[380,382,428],"product_tag":[],"class_list":{"0":"post-30627","1":"product","2":"type-product","3":"status-publish","4":"has-post-thumbnail","6":"pwb-brand-satisfyer","7":"product_cat-articulos-variados","8":"product_cat-articulos-variadoscopa-vaginal","9":"product_cat-articulos-variadosparapharmacy","10":"post_count_is_0","11":"boutique_post_style_4","13":"first","14":"instock","15":"taxable","16":"shipping-taxable","17":"purchasable","18":"product-type-simple","19":"boutique_image_style_2"},"brands":[{"id":43,"name":"SATISFYER","slug":"satisfyer"}],"_links":{"self":[{"href":"https:\/\/www.pussycatmerida.com\/eshop\/wp-json\/wp\/v2\/product\/30627","targetHints":{"allow":["GET"]}}],"collection":[{"href":"https:\/\/www.pussycatmerida.com\/eshop\/wp-json\/wp\/v2\/product"}],"about":[{"href":"https:\/\/www.pussycatmerida.com\/eshop\/wp-json\/wp\/v2\/types\/product"}],"wp:featuredmedia":[{"embeddable":true,"href":"https:\/\/www.pussycatmerida.com\/eshop\/wp-json\/wp\/v2\/media\/58267"}],"wp:attachment":[{"href":"https:\/\/www.pussycatmerida.com\/eshop\/wp-json\/wp\/v2\/media?parent=30627"}],"wp:term":[{"taxonomy":"pwb-brand","embeddable":true,"href":"https:\/\/www.pussycatmerida.com\/eshop\/wp-json\/wp\/v2\/pwb-brand?post=30627"},{"taxonomy":"product_brand","embeddable":true,"href":"https:\/\/www.pussycatmerida.com\/eshop\/wp-json\/wp\/v2\/product_brand?post=30627"},{"taxonomy":"product_cat","embeddable":true,"href":"https:\/\/www.pussycatmerida.com\/eshop\/wp-json\/wp\/v2\/product_cat?post=30627"},{"taxonomy":"product_tag","embeddable":true,"href":"https:\/\/www.pussycatmerida.com\/eshop\/wp-json\/wp\/v2\/product_tag?post=30627"}],"curies":[{"name":"wp","href":"https:\/\/api.w.org\/{rel}","templated":true}]}}