{"id":31255,"date":"2021-02-26T14:04:57","date_gmt":"2021-02-26T12:04:57","guid":{"rendered":"https:\/\/www.pussycatmerida.com\/eshop\/product\/vortex-gel-efecto-calor-30-ml\/"},"modified":"2026-03-11T12:38:50","modified_gmt":"2026-03-11T11:38:50","slug":"vortex-gel-efecto-calor-30-ml","status":"publish","type":"product","link":"https:\/\/www.pussycatmerida.com\/eshop\/producto\/vortex-gel-efecto-calor-30-ml\/","title":{"rendered":"VORTEX GEL EFECTO CALOR  30 ML"},"content":{"rendered":"<p>Vortex Gel Warming Effect es un gel para estimular el cl\u00edtoris, que se usa antes de las relaciones sexuales.<\/p>\n<p>Vortex Gel est\u00e1 dise\u00f1ado para aumentar el placer sexual femenino y mejorar la sensibilidad de las \u00e1reas \u00edntimas, aumentando el deseo sexual y el placer, as\u00ed como la frecuencia e intensidad del orgasmo. Se puede usar con objetos y dispositivos de l\u00e1tex, compatibilidad total con los condones.<\/p>\n<p>Vortex Gel Warming Effect funciona estimulando el flujo de sangre hacia el cl\u00edtoris y el \u00e1rea vaginal. Despu\u00e9s de su aplicaci\u00f3n en el cl\u00edtoris y la vagina, proporciona una sensaci\u00f3n de calor que hace cosquillas, aumentando su sensibilidad e intensificando el orgasmo.<\/p>\n<ul>\n<li>Efecto c\u00e1lido<\/li>\n<li>Cond\u00f3n compatible<\/li>\n<li>Orgasmos intensos<\/li>\n<li>Compatible con juguetes sexuales<\/li>\n<li>30 ml<\/li>\n<\/ul>\n","protected":false},"excerpt":{"rendered":"<p>VORTEX GEL WARMING EFFECT 30 ML<\/p>\n","protected":false},"featured_media":46005,"template":"","meta":[],"pwb-brand":[],"product_brand":[],"product_cat":[342,337,328,351,336,330,334],"product_tag":[],"class_list":{"0":"post-31255","1":"product","2":"type-product","3":"status-publish","4":"has-post-thumbnail","6":"product_cat-aceites-y-lubricantesaceites-y-cremas-de-masaje","7":"product_cat-aceites-y-lubricantes","8":"product_cat-afrodisiacos","9":"product_cat-aceites-y-lubricantesaceites-y-cremas-de-masajecon-efecto-calor","10":"product_cat-afrodisiacoscremas-potenciadores-orgasmo-femenino","11":"product_cat-afrodisiacospotenciadores","12":"product_cat-afrodisiacossensibilizantes","13":"post_count_is_0","14":"boutique_post_style_4","16":"first","17":"instock","18":"taxable","19":"shipping-taxable","20":"purchasable","21":"product-type-simple","22":"boutique_image_style_2"},"brands":[],"_links":{"self":[{"href":"https:\/\/www.pussycatmerida.com\/eshop\/wp-json\/wp\/v2\/product\/31255","targetHints":{"allow":["GET"]}}],"collection":[{"href":"https:\/\/www.pussycatmerida.com\/eshop\/wp-json\/wp\/v2\/product"}],"about":[{"href":"https:\/\/www.pussycatmerida.com\/eshop\/wp-json\/wp\/v2\/types\/product"}],"wp:featuredmedia":[{"embeddable":true,"href":"https:\/\/www.pussycatmerida.com\/eshop\/wp-json\/wp\/v2\/media\/46005"}],"wp:attachment":[{"href":"https:\/\/www.pussycatmerida.com\/eshop\/wp-json\/wp\/v2\/media?parent=31255"}],"wp:term":[{"taxonomy":"pwb-brand","embeddable":true,"href":"https:\/\/www.pussycatmerida.com\/eshop\/wp-json\/wp\/v2\/pwb-brand?post=31255"},{"taxonomy":"product_brand","embeddable":true,"href":"https:\/\/www.pussycatmerida.com\/eshop\/wp-json\/wp\/v2\/product_brand?post=31255"},{"taxonomy":"product_cat","embeddable":true,"href":"https:\/\/www.pussycatmerida.com\/eshop\/wp-json\/wp\/v2\/product_cat?post=31255"},{"taxonomy":"product_tag","embeddable":true,"href":"https:\/\/www.pussycatmerida.com\/eshop\/wp-json\/wp\/v2\/product_tag?post=31255"}],"curies":[{"name":"wp","href":"https:\/\/api.w.org\/{rel}","templated":true}]}}