{"id":31256,"date":"2021-02-24T14:27:57","date_gmt":"2021-02-24T12:27:57","guid":{"rendered":"https:\/\/www.pussycatmerida.com\/eshop\/product\/metal-hard-jaula-anillo-castidad-bird-negro\/"},"modified":"2021-03-05T15:00:13","modified_gmt":"2021-03-05T13:00:13","slug":"metal-hard-jaula-anillo-castidad-bird-negro","status":"publish","type":"product","link":"https:\/\/www.pussycatmerida.com\/eshop\/producto\/metal-hard-jaula-anillo-castidad-bird-negro\/","title":{"rendered":"METAL HARD JAULA ANILLO CASTIDAD BIRD NEGRO"},"content":{"rendered":"<p style=\"line-height: 18.9091px;\">Descubre tu lado mas Bdsm! La jaula de anillos es un cintur\u00f3n de castidad met\u00e1lico fabricado en acero inoxidable, convirtiendose en la mejor forma de prevenir la erecci\u00f3n, estimulaci\u00f3n o penetraci\u00f3n del sumiso.<\/p>\n<p style=\"line-height: 18.9091px;\">La manera de utilizarlo es muy sencilla, solo tendr\u00e1s que colocar el aro, por detr\u00e1s de los test\u00edculos e introducir el pene en estado de relajaci\u00f3n en la jaula de castidad, luego cierras todo el conjunto con su candado y ya tienes al sumiso bajo tu control.<\/p>\n<p style=\"line-height: 18.9091px;\">Hipoalerg\u00e9nico y libre de \u00f3xidos, todos sus bordes son suaves.\u00a0<\/p>\n<p style=\"line-height: 18.9091px;\">El kit completo incluye\u00a0<\/p>\n<ul style=\"line-height: 18.9091px;\">\n<li>1. Jaula-Cintur\u00f3n de castidad con un diametro interior de 36 mm de di\u00e1metro, puede albergar penes con una longitud del pene en estado relajado de 10\u00a0a 11\u00a0cm\u00a0<\/li>\n<li>2. Diametro Anilla metal testiculos \/ 40mm<\/li>\n<li>3. Pasador de bloqueo.<\/li>\n<li>4. Un candado de lat\u00f3n.<\/li>\n<\/ul>\n<p style=\"line-height: 18.9091px;\">Descubre tu lado m\u00e1s oscuro!<\/p>\n","protected":false},"excerpt":{"rendered":"<p>METAL HARD COCK BIRD CAGE CHASTITY BLACK<\/p>\n","protected":false},"featured_media":32617,"template":"","meta":[],"pwb-brand":[472],"product_brand":[],"product_cat":[277,274],"product_tag":[],"class_list":{"0":"post-31256","1":"product","2":"type-product","3":"status-publish","4":"has-post-thumbnail","6":"pwb-brand-metal-hard","7":"product_cat-juguetes-sexuales-xxxalargamiento-pene","8":"product_cat-juguetes-sexuales-xxx","9":"post_count_is_0","10":"boutique_post_style_4","12":"first","13":"instock","14":"taxable","15":"shipping-taxable","16":"purchasable","17":"product-type-simple","18":"boutique_image_style_2"},"brands":[{"id":472,"name":"METAL HARD","slug":"metal-hard"}],"_links":{"self":[{"href":"https:\/\/www.pussycatmerida.com\/eshop\/wp-json\/wp\/v2\/product\/31256","targetHints":{"allow":["GET"]}}],"collection":[{"href":"https:\/\/www.pussycatmerida.com\/eshop\/wp-json\/wp\/v2\/product"}],"about":[{"href":"https:\/\/www.pussycatmerida.com\/eshop\/wp-json\/wp\/v2\/types\/product"}],"wp:featuredmedia":[{"embeddable":true,"href":"https:\/\/www.pussycatmerida.com\/eshop\/wp-json\/wp\/v2\/media\/32617"}],"wp:attachment":[{"href":"https:\/\/www.pussycatmerida.com\/eshop\/wp-json\/wp\/v2\/media?parent=31256"}],"wp:term":[{"taxonomy":"pwb-brand","embeddable":true,"href":"https:\/\/www.pussycatmerida.com\/eshop\/wp-json\/wp\/v2\/pwb-brand?post=31256"},{"taxonomy":"product_brand","embeddable":true,"href":"https:\/\/www.pussycatmerida.com\/eshop\/wp-json\/wp\/v2\/product_brand?post=31256"},{"taxonomy":"product_cat","embeddable":true,"href":"https:\/\/www.pussycatmerida.com\/eshop\/wp-json\/wp\/v2\/product_cat?post=31256"},{"taxonomy":"product_tag","embeddable":true,"href":"https:\/\/www.pussycatmerida.com\/eshop\/wp-json\/wp\/v2\/product_tag?post=31256"}],"curies":[{"name":"wp","href":"https:\/\/api.w.org\/{rel}","templated":true}]}}