{"id":3207,"date":"2021-02-26T15:02:14","date_gmt":"2021-02-26T13:02:14","guid":{"rendered":"https:\/\/www.pussycatmerida.com\/eshop\/product\/fetish-collar-con-esposas-y-correa\/"},"modified":"2026-03-11T12:39:13","modified_gmt":"2026-03-11T11:39:13","slug":"fetish-collar-con-esposas-y-correa","status":"publish","type":"product","link":"https:\/\/www.pussycatmerida.com\/eshop\/producto\/fetish-collar-con-esposas-y-correa\/","title":{"rendered":"FETISH COLLAR CON ESPOSAS Y CORREA,"},"content":{"rendered":"<p>FETISH COLLAR CON ESPOSAS Y CORREA, <strong>FETISH COLLAR WITH CUFFS  LEASH<\/strong><\/p>\n<p>Toma el control de tu amante con este combo juguet\u00f3n Collar, brazalete y correa. Su mascota aprender\u00e1 a obedecerte en muy poco tiempo una vez que le ponga la\u00a0 hebilla del collar y coloque la correa.<\/p>\n<p>Dos pu\u00f1os ajustables de nylon y atelo a su cuello, evitando que su brazo est\u00e1 sujeto y teniendo un moviemiento limitado. Los pu\u00f1os y el cuello se ajustan\u00a0 f\u00e1cilmente para adaptarse a la mayor\u00eda de los tama\u00f1os y la correa de nylon se une a tres anillos en el cuello.<\/p>\n<p>Lleve sus fantas\u00edas al siguiente nivel y explorar nuevas sensaciones!!<\/p>\n","protected":false},"excerpt":{"rendered":"<p>FETISH COLLAR WITH CUFFS  LEASH<\/p>\n","protected":false},"featured_media":49880,"template":"","meta":[],"pwb-brand":[485,476],"product_brand":[],"product_cat":[422,952,282,274,389],"product_tag":[],"class_list":{"0":"post-3207","1":"product","2":"type-product","3":"status-publish","4":"has-post-thumbnail","6":"pwb-brand-pipedreams-fetish-fantasy-series","7":"pwb-brand-pipedreams","8":"product_cat-juguetes-sexuales-xxxfetish-bondagebdsm-collares","9":"product_cat-bondage","10":"product_cat-juguetes-sexuales-xxxfetish-bondage","11":"product_cat-juguetes-sexuales-xxx","12":"product_cat-juguetes-sexuales-xxxmascaras-y-esposas","13":"post_count_is_0","14":"boutique_post_style_4","16":"first","17":"instock","18":"taxable","19":"shipping-taxable","20":"purchasable","21":"product-type-simple","22":"boutique_image_style_2"},"brands":[{"id":485,"name":"FETISH FANTASY SERIES","slug":"pipedreams-fetish-fantasy-series"},{"id":476,"name":"PIPEDREAMS","slug":"pipedreams"}],"_links":{"self":[{"href":"https:\/\/www.pussycatmerida.com\/eshop\/wp-json\/wp\/v2\/product\/3207","targetHints":{"allow":["GET"]}}],"collection":[{"href":"https:\/\/www.pussycatmerida.com\/eshop\/wp-json\/wp\/v2\/product"}],"about":[{"href":"https:\/\/www.pussycatmerida.com\/eshop\/wp-json\/wp\/v2\/types\/product"}],"wp:featuredmedia":[{"embeddable":true,"href":"https:\/\/www.pussycatmerida.com\/eshop\/wp-json\/wp\/v2\/media\/49880"}],"wp:attachment":[{"href":"https:\/\/www.pussycatmerida.com\/eshop\/wp-json\/wp\/v2\/media?parent=3207"}],"wp:term":[{"taxonomy":"pwb-brand","embeddable":true,"href":"https:\/\/www.pussycatmerida.com\/eshop\/wp-json\/wp\/v2\/pwb-brand?post=3207"},{"taxonomy":"product_brand","embeddable":true,"href":"https:\/\/www.pussycatmerida.com\/eshop\/wp-json\/wp\/v2\/product_brand?post=3207"},{"taxonomy":"product_cat","embeddable":true,"href":"https:\/\/www.pussycatmerida.com\/eshop\/wp-json\/wp\/v2\/product_cat?post=3207"},{"taxonomy":"product_tag","embeddable":true,"href":"https:\/\/www.pussycatmerida.com\/eshop\/wp-json\/wp\/v2\/product_tag?post=3207"}],"curies":[{"name":"wp","href":"https:\/\/api.w.org\/{rel}","templated":true}]}}