{"id":32211,"date":"2021-02-26T14:02:29","date_gmt":"2021-02-26T12:02:29","guid":{"rendered":"https:\/\/www.pussycatmerida.com\/eshop\/product\/swede-woman-sensitive-anal-ease-base-agua-120-ml\/"},"modified":"2026-03-11T12:26:23","modified_gmt":"2026-03-11T11:26:23","slug":"swede-woman-sensitive-anal-ease-base-agua-120-ml","status":"publish","type":"product","link":"https:\/\/www.pussycatmerida.com\/eshop\/producto\/swede-woman-sensitive-anal-ease-base-agua-120-ml\/","title":{"rendered":"SWEDE WOMAN SENSITIVE ANAL EASE BASE AGUA 120 ML"},"content":{"rendered":"<p>Woman Sensitive AnalEase se basa en la innovadora f\u00f3rmula Aqua Comfort a base de agua de Swede. Pero aqu\u00ed, Sweede\u00a0tambi\u00e9n ha a\u00f1adido varios principios activos naturales que tienen efectos nutritivos y ayudan a prevenir irritaciones y molestias.<\/p>\n<p>Aloe Vera: Swede ha a\u00f1adido generosas cantidades de Aloe Vera. El poder curativo del Aloe Vera, es bien conocido en todo el mundo, pero tambi\u00e9n contiene altos niveles de glicoprote\u00ednas &#8211; el componente estructural del fluido vaginal natural.<\/p>\n<p>Extracto de camomila: es un agente antial\u00e9rgivo con efectos de alivio de la irritaci\u00f3n. Tambi\u00e9n tiene propiedades antiinflamatorias y antis\u00e9pticas.<\/p>\n<ul>\n<li>De larga duraci\u00f3n y no pegajoso<\/li>\n<li>Glicerina y sin parabenos<\/li>\n<li>Libre de propilenglicol<\/li>\n<li>Ingredientes activos naturales<\/li>\n<li>Bajo riesgo de irritaci\u00f3n<\/li>\n<li>Equilibra el pH\u00a0<\/li>\n<li>F\u00e1cil de enjuagar con agua<\/li>\n<li>No deja residuos<\/li>\n<li>Seguro para uso con preservativos<\/li>\n<li>120 ml<\/li>\n<\/ul>\n","protected":false},"excerpt":{"rendered":"<p>SWEDE WOMAN SENSITIVE ANAL EASE WATER-BASED 120 ML<\/p>\n","protected":false},"featured_media":45866,"template":"","meta":[],"pwb-brand":[719],"product_brand":[],"product_cat":[337,339,347,338,471],"product_tag":[],"class_list":{"0":"post-32211","1":"product","2":"type-product","3":"status-publish","4":"has-post-thumbnail","6":"pwb-brand-swede","7":"product_cat-aceites-y-lubricantes","8":"product_cat-aceites-y-lubricanteslubricantesbase-de-agua","9":"product_cat-aceites-y-lubricanteslubricanteslubricacion-anal","10":"product_cat-aceites-y-lubricanteslubricantes","11":"product_cat-novedades","12":"post_count_is_0","13":"boutique_post_style_4","15":"first","16":"instock","17":"taxable","18":"shipping-taxable","19":"purchasable","20":"product-type-simple","21":"boutique_image_style_2"},"brands":[{"id":719,"name":"SWEDE","slug":"swede"}],"_links":{"self":[{"href":"https:\/\/www.pussycatmerida.com\/eshop\/wp-json\/wp\/v2\/product\/32211","targetHints":{"allow":["GET"]}}],"collection":[{"href":"https:\/\/www.pussycatmerida.com\/eshop\/wp-json\/wp\/v2\/product"}],"about":[{"href":"https:\/\/www.pussycatmerida.com\/eshop\/wp-json\/wp\/v2\/types\/product"}],"wp:featuredmedia":[{"embeddable":true,"href":"https:\/\/www.pussycatmerida.com\/eshop\/wp-json\/wp\/v2\/media\/45866"}],"wp:attachment":[{"href":"https:\/\/www.pussycatmerida.com\/eshop\/wp-json\/wp\/v2\/media?parent=32211"}],"wp:term":[{"taxonomy":"pwb-brand","embeddable":true,"href":"https:\/\/www.pussycatmerida.com\/eshop\/wp-json\/wp\/v2\/pwb-brand?post=32211"},{"taxonomy":"product_brand","embeddable":true,"href":"https:\/\/www.pussycatmerida.com\/eshop\/wp-json\/wp\/v2\/product_brand?post=32211"},{"taxonomy":"product_cat","embeddable":true,"href":"https:\/\/www.pussycatmerida.com\/eshop\/wp-json\/wp\/v2\/product_cat?post=32211"},{"taxonomy":"product_tag","embeddable":true,"href":"https:\/\/www.pussycatmerida.com\/eshop\/wp-json\/wp\/v2\/product_tag?post=32211"}],"curies":[{"name":"wp","href":"https:\/\/api.w.org\/{rel}","templated":true}]}}