{"id":32443,"date":"2021-03-01T10:35:52","date_gmt":"2021-03-01T08:35:52","guid":{"rendered":"https:\/\/www.pussycatmerida.com\/eshop\/product\/darkness-bondage-esposas-para-la-puerta\/"},"modified":"2026-03-11T12:39:02","modified_gmt":"2026-03-11T11:39:02","slug":"darkness-bondage-esposas-para-la-puerta","status":"publish","type":"product","link":"https:\/\/www.pussycatmerida.com\/eshop\/producto\/darkness-bondage-esposas-para-la-puerta\/","title":{"rendered":"DARKNESS BONDAGE ESPOSAS PARA LA PUERTA"},"content":{"rendered":"<p>Dise\u00f1ado para jugar duro. Las esposas de bondage para la puerta elevan el control dominante. Bondage Door Cuffs permite que cualquier puerta se convierta en una fiesta de juego instant\u00e1nea.<\/p>\n<p>Dos tubos de acr\u00edlico unidos a los extremos de las correas de nylon resistentes pueden colocarse sobre la parte superior de una puerta abierta para asegurar que su compa\u00f1ero est\u00e9 sujeto con seguridad una vez que la puerta est\u00e9 cerrada y bloqueada.<\/p>\n<p>En el extremo opuesto de las correas de nylon son dos esposas que envuelven cada mu\u00f1eca de forma segura y cuentan con anillos de bloqueo de acero inoxidable totalmente ajustables, lo que permite un ajuste controlado y personalizado cada vez.<\/p>\n<ul>\n<li>Fabricado con Neopreno y Nylon<\/li>\n<\/ul>\n<p><strong>LA MARCA<\/strong><\/p>\n<p>Darkness es una marca de nueva generaci\u00f3n 2020, todos nuestros materiales son de excelente calidad asegurando que la fabricaci\u00f3n compromete un resultado perfecto para principiantes o avanzados que le gusta el mundo Fetish o bdsm.<\/p>\n","protected":false},"excerpt":{"rendered":"<p>DARKNESS  BONDAGE DOOR CUFFS<\/p>\n","protected":false},"featured_media":57306,"template":"","meta":[],"pwb-brand":[467,474],"product_brand":[],"product_cat":[423,390,282,274,389],"product_tag":[],"class_list":{"0":"post-32443","1":"product","2":"type-product","3":"status-publish","4":"has-post-thumbnail","6":"pwb-brand-darkness","7":"pwb-brand-darknessdarkness-bondage","8":"product_cat-juguetes-sexuales-xxxfetish-bondagebdsm-accesorios","9":"product_cat-juguetes-sexuales-xxxfetish-bondageesposas","10":"product_cat-juguetes-sexuales-xxxfetish-bondage","11":"product_cat-juguetes-sexuales-xxx","12":"product_cat-juguetes-sexuales-xxxmascaras-y-esposas","13":"post_count_is_0","14":"boutique_post_style_4","16":"first","17":"instock","18":"taxable","19":"shipping-taxable","20":"purchasable","21":"product-type-simple","22":"boutique_image_style_2"},"brands":[{"id":467,"name":"DARKNESS","slug":"darkness"},{"id":474,"name":"DARKNESS BONDAGE","slug":"darknessdarkness-bondage"}],"_links":{"self":[{"href":"https:\/\/www.pussycatmerida.com\/eshop\/wp-json\/wp\/v2\/product\/32443","targetHints":{"allow":["GET"]}}],"collection":[{"href":"https:\/\/www.pussycatmerida.com\/eshop\/wp-json\/wp\/v2\/product"}],"about":[{"href":"https:\/\/www.pussycatmerida.com\/eshop\/wp-json\/wp\/v2\/types\/product"}],"wp:featuredmedia":[{"embeddable":true,"href":"https:\/\/www.pussycatmerida.com\/eshop\/wp-json\/wp\/v2\/media\/57306"}],"wp:attachment":[{"href":"https:\/\/www.pussycatmerida.com\/eshop\/wp-json\/wp\/v2\/media?parent=32443"}],"wp:term":[{"taxonomy":"pwb-brand","embeddable":true,"href":"https:\/\/www.pussycatmerida.com\/eshop\/wp-json\/wp\/v2\/pwb-brand?post=32443"},{"taxonomy":"product_brand","embeddable":true,"href":"https:\/\/www.pussycatmerida.com\/eshop\/wp-json\/wp\/v2\/product_brand?post=32443"},{"taxonomy":"product_cat","embeddable":true,"href":"https:\/\/www.pussycatmerida.com\/eshop\/wp-json\/wp\/v2\/product_cat?post=32443"},{"taxonomy":"product_tag","embeddable":true,"href":"https:\/\/www.pussycatmerida.com\/eshop\/wp-json\/wp\/v2\/product_tag?post=32443"}],"curies":[{"name":"wp","href":"https:\/\/api.w.org\/{rel}","templated":true}]}}