{"id":32997,"date":"2021-03-01T10:18:14","date_gmt":"2021-03-01T08:18:14","guid":{"rendered":"https:\/\/www.pussycatmerida.com\/eshop\/product\/cyber-silicock-ansel-realistico-silicona-liquida-15-5cm\/"},"modified":"2026-03-11T12:27:40","modified_gmt":"2026-03-11T11:27:40","slug":"cyber-silicock-ansel-realistico-silicona-liquida-15-5cm","status":"publish","type":"product","link":"https:\/\/www.pussycatmerida.com\/eshop\/producto\/cyber-silicock-ansel-realistico-silicona-liquida-15-5cm\/","title":{"rendered":"CYBER SILICOCK  ANSEL REALISTICO SILICONA LIQUIDA 15.5CM"},"content":{"rendered":"<p>La forma natural y la composici\u00f3n del material cybersilicock hacen que este dildo real\u00edstico parezca particularmente real. Su forma recta, que termina en un glande definido con precisi\u00f3n, y la aut\u00e9ntica base de los test\u00edculos lo miman de manera embriagadora y sensual. Si prefiere que la mimen por v\u00eda vaginal o anal depende totalmente de usted. Ambos son f\u00e1cilmente posibles con Ansel. La ventosa ancha es estable en superficies lisas y, por lo tanto, el consolador tambi\u00e9n es adecuado para aventuras desenfrenadas en la ducha y el ba\u00f1o, solos o juntos.<\/p>\n<ul>\n<li>Longitud total;\u00a0 15.5 cm<\/li>\n<li>Longitud insertable; 12 cm<\/li>\n<li>Ancho; \u00a02.9 cm<\/li>\n<li>Material; Silicona medica liquida.<\/li>\n<\/ul>\n<p>MATERIAL Y CUIDADO<\/p>\n<p>El consolador est\u00e1 hecho de silicona medica liquida. La silicona medica liquida es agradable para la piel almacena r\u00e1pidamente el calor corporal y hace que su experiencia sea particularmente sensual. Sin embargo, es importante que te asegures de usar un lubricante a base de agua junto con cada juguete de silicona, de lo contrario, el juguete podr\u00eda da\u00f1arse o deformarse. Al limpiar el juguete, obtendr\u00e1 el mejor resultado con un limpiador de juguetes antibacteriano.<\/p>\n<p>LA MARCA CYBERSILICOK<\/p>\n<p>Como sugiere el nombre, los juguetes de CYBERSILICOCK est\u00e1n hechos de silicona. Los dildos naturales con un dise\u00f1o real\u00edstico son muy adecuados para principiantes o personas avanzadas en los juegos sexuales. Originalmente cybersilicock naci\u00f3 como una marca tecnol\u00f3gica de vibradores control remoto con funciones incre\u00edbles. Sin Embargo, muchos clientes solicitaban dildos sin vibraci\u00f3n con el mismo material que cybersilicock. Ahora es toda una realidad y los dildos cybersilicock han llegado para seguir sorprendiendo.<\/p>\n","protected":false},"excerpt":{"rendered":"<p>CYBER SILICOCK  ANSEL ULTRA REALISTIC SOFT LIQUID SILICONE  15.5CM<\/p>\n","protected":false},"featured_media":55887,"template":"","meta":[],"pwb-brand":[272],"product_brand":[],"product_cat":[287,274,471,302,304],"product_tag":[],"class_list":{"0":"post-32997","1":"product","2":"type-product","3":"status-publish","4":"has-post-thumbnail","6":"pwb-brand-cyber-silicock","7":"product_cat-juguetes-sexuales-xxxdildos","8":"product_cat-juguetes-sexuales-xxx","9":"product_cat-novedades","10":"product_cat-juguetes-sexuales-xxxpenes","11":"product_cat-juguetes-sexuales-xxxpenespenes-realisticos","12":"post_count_is_0","13":"boutique_post_style_4","15":"first","16":"instock","17":"taxable","18":"shipping-taxable","19":"purchasable","20":"product-type-simple","21":"boutique_image_style_2"},"brands":[{"id":272,"name":"CYBER SILICOCK","slug":"cyber-silicock"}],"_links":{"self":[{"href":"https:\/\/www.pussycatmerida.com\/eshop\/wp-json\/wp\/v2\/product\/32997","targetHints":{"allow":["GET"]}}],"collection":[{"href":"https:\/\/www.pussycatmerida.com\/eshop\/wp-json\/wp\/v2\/product"}],"about":[{"href":"https:\/\/www.pussycatmerida.com\/eshop\/wp-json\/wp\/v2\/types\/product"}],"wp:featuredmedia":[{"embeddable":true,"href":"https:\/\/www.pussycatmerida.com\/eshop\/wp-json\/wp\/v2\/media\/55887"}],"wp:attachment":[{"href":"https:\/\/www.pussycatmerida.com\/eshop\/wp-json\/wp\/v2\/media?parent=32997"}],"wp:term":[{"taxonomy":"pwb-brand","embeddable":true,"href":"https:\/\/www.pussycatmerida.com\/eshop\/wp-json\/wp\/v2\/pwb-brand?post=32997"},{"taxonomy":"product_brand","embeddable":true,"href":"https:\/\/www.pussycatmerida.com\/eshop\/wp-json\/wp\/v2\/product_brand?post=32997"},{"taxonomy":"product_cat","embeddable":true,"href":"https:\/\/www.pussycatmerida.com\/eshop\/wp-json\/wp\/v2\/product_cat?post=32997"},{"taxonomy":"product_tag","embeddable":true,"href":"https:\/\/www.pussycatmerida.com\/eshop\/wp-json\/wp\/v2\/product_tag?post=32997"}],"curies":[{"name":"wp","href":"https:\/\/api.w.org\/{rel}","templated":true}]}}