{"id":32998,"date":"2021-02-24T14:29:34","date_gmt":"2021-02-24T12:29:34","guid":{"rendered":"https:\/\/www.pussycatmerida.com\/eshop\/product\/cyber-silicock-arnes-con-3-anillas-silicona\/"},"modified":"2026-03-11T12:26:00","modified_gmt":"2026-03-11T11:26:00","slug":"cyber-silicock-arnes-con-3-anillas-silicona","status":"publish","type":"product","link":"https:\/\/www.pussycatmerida.com\/eshop\/producto\/cyber-silicock-arnes-con-3-anillas-silicona\/","title":{"rendered":"CYBER SILICOCK ARN\u00c9S CON 3 ANILLAS SILICONA"},"content":{"rendered":"<p>Experimenta la emoci\u00f3n de tener el control con este delicioso arn\u00e9s para principiantes o avanzados. Fabricado con material muy confortable, este cl\u00e1sico arn\u00e9s es ideal para aquellos que se inician en los juegos de arn\u00e9s .<\/p>\n<p>Ha sido especialmente dise\u00f1ado para los dildos CYBERSILICOCK \u00a9 y la confortabilidad en base al dise\u00f1o y tama\u00f1o.<\/p>\n<p>El c\u00f3modo arn\u00e9s de vinilo se ajusta a casi todas las tallas.<\/p>\n<ul>\n<li>El arn\u00e9s universal CYBERSILICOCK \u00a9. \u00a0\u00a0incluye 3 anillos para sujetar su consolador. Puedes usarlo con la mayor\u00eda de dildos de la colecci\u00f3n CYBERSILICOCK \u00a9<\/li>\n<\/ul>\n<p>Los di\u00e1metros de los anillos de silicona son: Peque\u00f1o 3,2 cm; Mediano 4,2 cm; Grande 5,2 cm.<\/p>\n<p>Este arn\u00e9s es apto para usar con cualquier dildo CYBERSILICOCK \u00a9. \u00a0\u00a0y ha sido pensado para el peso perfecto de cada dildo obteniendo una experiencia perfecta.<\/p>\n<p>LA MARCA CYBERSILICOK<\/p>\n<p>Como sugiere el nombre, los juguetes de CYBERSILICOCK est\u00e1n hechos de silicona. Los dildos naturales con un dise\u00f1o real\u00edstico son muy adecuados para principiantes o personas avanzadas en los juegos sexuales. Originalmente cybersilicock naci\u00f3 como una marca tecnol\u00f3gica de vibradores control remoto con funciones incre\u00edbles. Sin Embargo, muchos clientes solicitaban dildos sin vibraci\u00f3n con el mismo material que cybersilicock. Ahora es toda una realidad y los dildos cybersilicock han llegado para seguir sorprendiendo.<\/p>\n","protected":false},"excerpt":{"rendered":"<p>CYBER SILICOCK STRAP-ON HARNESS WITH 3 RINGS FREE<\/p>\n","protected":false},"featured_media":32999,"template":"","meta":[],"pwb-brand":[272],"product_brand":[],"product_cat":[278,274,471],"product_tag":[],"class_list":{"0":"post-32998","1":"product","2":"type-product","3":"status-publish","4":"has-post-thumbnail","6":"pwb-brand-cyber-silicock","7":"product_cat-juguetes-sexuales-xxxarneses","8":"product_cat-juguetes-sexuales-xxx","9":"product_cat-novedades","10":"post_count_is_0","11":"boutique_post_style_4","13":"first","14":"instock","15":"taxable","16":"shipping-taxable","17":"purchasable","18":"product-type-simple","19":"boutique_image_style_2"},"brands":[{"id":272,"name":"CYBER SILICOCK","slug":"cyber-silicock"}],"_links":{"self":[{"href":"https:\/\/www.pussycatmerida.com\/eshop\/wp-json\/wp\/v2\/product\/32998","targetHints":{"allow":["GET"]}}],"collection":[{"href":"https:\/\/www.pussycatmerida.com\/eshop\/wp-json\/wp\/v2\/product"}],"about":[{"href":"https:\/\/www.pussycatmerida.com\/eshop\/wp-json\/wp\/v2\/types\/product"}],"wp:featuredmedia":[{"embeddable":true,"href":"https:\/\/www.pussycatmerida.com\/eshop\/wp-json\/wp\/v2\/media\/32999"}],"wp:attachment":[{"href":"https:\/\/www.pussycatmerida.com\/eshop\/wp-json\/wp\/v2\/media?parent=32998"}],"wp:term":[{"taxonomy":"pwb-brand","embeddable":true,"href":"https:\/\/www.pussycatmerida.com\/eshop\/wp-json\/wp\/v2\/pwb-brand?post=32998"},{"taxonomy":"product_brand","embeddable":true,"href":"https:\/\/www.pussycatmerida.com\/eshop\/wp-json\/wp\/v2\/product_brand?post=32998"},{"taxonomy":"product_cat","embeddable":true,"href":"https:\/\/www.pussycatmerida.com\/eshop\/wp-json\/wp\/v2\/product_cat?post=32998"},{"taxonomy":"product_tag","embeddable":true,"href":"https:\/\/www.pussycatmerida.com\/eshop\/wp-json\/wp\/v2\/product_tag?post=32998"}],"curies":[{"name":"wp","href":"https:\/\/api.w.org\/{rel}","templated":true}]}}