{"id":33163,"date":"2021-03-01T13:29:27","date_gmt":"2021-03-01T11:29:27","guid":{"rendered":"https:\/\/www.pussycatmerida.com\/eshop\/product\/waterfeel-juego-de-dados-eroticos-es-fr-en\/"},"modified":"2026-03-11T12:26:53","modified_gmt":"2026-03-11T11:26:53","slug":"waterfeel-juego-de-dados-eroticos-es-fr-en","status":"publish","type":"product","link":"https:\/\/www.pussycatmerida.com\/eshop\/producto\/waterfeel-juego-de-dados-eroticos-es-fr-en\/","title":{"rendered":"WATERFEEL JUEGO DE DADOS ER\u00d3TICOS ES\/FR\/EN"},"content":{"rendered":"<p>El dado perfecto en busca de nuevas emociones.<\/p>\n<p>Un juego simple, pero eficaz, ofreciendo un sin fin de horas er\u00f3ticas, \u00a1estos dados son un juego entretenido que todo el mundo puede ganar!<\/p>\n<p>Incluye una peque\u00f1a, bolsa sat\u00e9n para mantener los dados er\u00f3ticos WATERFEEL seguros. Cuando sale beso y boca, podr\u00e1s decir, \u201cbastante f\u00e1cil\u201d. Estir\u00e1ndote hacia tu amante, estirando los brazos y tom\u00e1ndolo por los hombros para plasmar tus labios en los suyos.<\/p>\n<p>Tu pareja r\u00e1pidamente agarra los dados, los mezcla con picard\u00eda y los lanza hacia ti de manera juguetona. Mientras caen de tu pecho, aterrizan en el suelo y se lee, morder y cuello. Gritando de excitaci\u00f3n, tu pareja se excita y pone su boca caliente y h\u00fameda sobre tu cuello, y luego se hunde lenta y seductoramente sus dientes en tu piel. Un gemido suave de placer sale de tus labios sin control.<\/p>\n<p>Le pides a tu amante soplar una corriente lenta de aire caliente en los dados para la buena suerte. Observando a tu pareja, mientras agitas vigorosamente los dados en tus manos, se cruzan r\u00e1pidamente sus dedos, esperando ansiosamente para ver que saldr\u00e1 en tu turno.<\/p>\n<p>A medida que el dado blanco cae de tus manos, ves el dado rosa escapar de tu agarre y descender hasta la alfombra. Podr\u00e1s ejecutar mil formas de juego.<\/p>\n<p>Contiene:\u00a0<\/p>\n<ul>\n<li>1 dado de acci\u00f3n (color Blanco)<\/li>\n<li>1 dado de lugar (color Azul)<\/li>\n<li>1 dado con el tiempo a ejecutar la acci\u00f3n ( color Turquesa )<\/li>\n<li>Pr\u00e1ctica bolsa con el logo WATERFEEL para que puedas guardarlos y llevarlos donde quieras para que la pasi\u00f3n no tenga l\u00edmites<\/li>\n<\/ul>\n<p>Caracteristicas tecnicas;<\/p>\n<ul>\n<li>2 cm longitud<\/li>\n<li>2 cm ancho<\/li>\n<li>Resina<\/li>\n<li>Fabricado en Europa<\/li>\n<li>Material seguro para el Cuerpo<\/li>\n<li>Sin Phalatos.<\/li>\n<\/ul>\n<p>Textos dados 1<\/p>\n<ul>\n<li>Cuello<\/li>\n<li>Oreja<\/li>\n<li>Culo<\/li>\n<li>Boca<\/li>\n<li>Pez\u00f3n<\/li>\n<li>Espalda<\/li>\n<\/ul>\n<p>Texto Dados 2<\/p>\n<ul>\n<li>Morder<\/li>\n<li>Lamer<\/li>\n<li>Acariciar<\/li>\n<li>Cosquillas<\/li>\n<li>Besar<\/li>\n<li>Chupar.<\/li>\n<\/ul>\n<p>Texto dados 3<\/p>\n<ul>\n<li>5 Segundos<\/li>\n<li>1 Minuto<\/li>\n<li>Sof\u00e1<\/li>\n<li>Cocina<\/li>\n<li>2 minutos<\/li>\n<li>cama<\/li>\n<\/ul>\n","protected":false},"excerpt":{"rendered":"<p>WATERFEEL EROTIC DICE GAME  ES\/FR\/EN<\/p>\n","protected":false},"featured_media":62791,"template":"","meta":[],"pwb-brand":[48],"product_brand":[],"product_cat":[378,375,376,443,471],"product_tag":[],"class_list":{"0":"post-33163","1":"product","2":"type-product","3":"status-publish","4":"has-post-thumbnail","6":"pwb-brand-waterfeel","7":"product_cat-juegosdados","8":"product_cat-juegos","9":"product_cat-juegosjuegos-de-pareja","10":"product_cat-juegosjuegos-en-espanol","11":"product_cat-novedades","12":"post_count_is_0","13":"boutique_post_style_4","15":"first","16":"instock","17":"taxable","18":"shipping-taxable","19":"purchasable","20":"product-type-simple","21":"boutique_image_style_2"},"brands":[{"id":48,"name":"WATERFEEL","slug":"waterfeel"}],"_links":{"self":[{"href":"https:\/\/www.pussycatmerida.com\/eshop\/wp-json\/wp\/v2\/product\/33163","targetHints":{"allow":["GET"]}}],"collection":[{"href":"https:\/\/www.pussycatmerida.com\/eshop\/wp-json\/wp\/v2\/product"}],"about":[{"href":"https:\/\/www.pussycatmerida.com\/eshop\/wp-json\/wp\/v2\/types\/product"}],"wp:featuredmedia":[{"embeddable":true,"href":"https:\/\/www.pussycatmerida.com\/eshop\/wp-json\/wp\/v2\/media\/62791"}],"wp:attachment":[{"href":"https:\/\/www.pussycatmerida.com\/eshop\/wp-json\/wp\/v2\/media?parent=33163"}],"wp:term":[{"taxonomy":"pwb-brand","embeddable":true,"href":"https:\/\/www.pussycatmerida.com\/eshop\/wp-json\/wp\/v2\/pwb-brand?post=33163"},{"taxonomy":"product_brand","embeddable":true,"href":"https:\/\/www.pussycatmerida.com\/eshop\/wp-json\/wp\/v2\/product_brand?post=33163"},{"taxonomy":"product_cat","embeddable":true,"href":"https:\/\/www.pussycatmerida.com\/eshop\/wp-json\/wp\/v2\/product_cat?post=33163"},{"taxonomy":"product_tag","embeddable":true,"href":"https:\/\/www.pussycatmerida.com\/eshop\/wp-json\/wp\/v2\/product_tag?post=33163"}],"curies":[{"name":"wp","href":"https:\/\/api.w.org\/{rel}","templated":true}]}}