{"id":33312,"date":"2021-02-26T10:52:39","date_gmt":"2021-02-26T08:52:39","guid":{"rendered":"https:\/\/www.pussycatmerida.com\/eshop\/product\/intense-bruno-partner-doble-placer-rosa\/"},"modified":"2026-03-11T12:40:51","modified_gmt":"2026-03-11T11:40:51","slug":"intense-bruno-partner-doble-placer-rosa","status":"publish","type":"product","link":"https:\/\/www.pussycatmerida.com\/eshop\/producto\/intense-bruno-partner-doble-placer-rosa\/","title":{"rendered":"INTENSE BRUNO PARTNER DOBLE PLACER ROSA"},"content":{"rendered":"<p>Ya no necesitas Tinder para hacer tener sexo placentero sola o en pareja. Impermeable, poderoso, con una textura suave que invita al pacer \u00a0para incrementar el placer del roce y dotado con dos motores en lugar de uno para una doble estimulaci\u00f3n sin precedentes, Bruno de Intense es el vibrador para parejas con mando a distancia que os unir\u00e1 m\u00e1s que un safari por la sabana.<\/p>\n<p>Ergon\u00f3mico y elaborado en silicona de grado m\u00e9dico, hipoalerg\u00e9nica y libre de l\u00e1tex y ftalatos, Bruno ha sido dise\u00f1ado espec\u00edficamente para masajear al mismo tiempo tu punto G y tu cl\u00edtoris. Si lo utilizas con una pareja masculina, una vez te hayas introducido su parte m\u00e1s estrecha en la vagina, p\u00eddele que se una a la fiesta.<\/p>\n<p>Recargable, silencioso, podr\u00e1s controlar sus 10 intensos patrones de vibraci\u00f3n de forma manual a trav\u00e9s de su \u00fanico bot\u00f3n o de forma remota mediante su mando a distancia (incluido).<\/p>\n<p>C\u00f3mo funciona Intense Bruno?<\/p>\n<p>Para encender tu Bruno, mant\u00e9n presionado el bot\u00f3n encendido situado al lado del logo de la marca durante un par de segundos. Pulsa de nuevo el mismo bot\u00f3n para cambiar el modo de vibraci\u00f3n y mantenlo presionado de nuevo un par de segundos para apagarlo. Quieres controlarlo con el mando a distancia? Presiona el bot\u00f3n encendido \/ apagado \u00a0del control remoto durante cinco segundos hasta que comience a vibrar . Ahora, ver\u00e1s que el mando a distancia tiene 1 bot\u00f3n superior \u00a0p\u00falsalo para modificar los modos de vibraci\u00f3n .Te recordamos que el remoto tiene un radio de actuaci\u00f3n de hasta 3 metros.<\/p>\n<p>Utiliza siempre el Bruno de Intense con un lubricante de base de agua y l\u00e1valo adecuadamente despu\u00e9s de cada uso con agua tibia y jab\u00f3n neutro.<\/p>\n<p>Principales caracter\u00edsticas del \u00a0Bruno by Intense.<\/p>\n<ul>\n<li>Vibrador para parejas que estimula simult\u00e1neamente el cl\u00edtoris y el punto G<\/li>\n<li>10 intensos patrones de vibraci\u00f3n<\/li>\n<li>Control manual o remoto a trav\u00e9s de mando a distancia (incluido)<\/li>\n<li>El mando tiene un radio de actuaci\u00f3n de 3 metros<\/li>\n<li>Juguete elaborado con silicona m\u00e9dica hipoalerg\u00e9nica, libre de ftalatos y l\u00e1tex<\/li>\n<li>Completamente seguro para el cuerpo<\/li>\n<li>Recargable<\/li>\n<li>Tiempo de carga: 90 minutos<\/li>\n<li>Autonom\u00eda: hasta 2 horas<\/li>\n<li>Silencioso<\/li>\n<li>Sumergible bajo agua categor\u00eda IPX6<\/li>\n<li>Medidas: 62 \u00a0mm x 15.5 mm x 36 mm<\/li>\n<li>Compatible con cualquier lubricante de agua<\/li>\n<li>F\u00e1cil de usar y de limpiar<\/li>\n<\/ul>\n","protected":false},"excerpt":{"rendered":"<p>INTENSE BRUNO PARTNER DOUBLE PLEASURE PINK<\/p>\n","protected":false},"featured_media":40592,"template":"","meta":[],"pwb-brand":[146,466,465],"product_brand":[],"product_cat":[288,274,294,471,893,299],"product_tag":[],"class_list":{"0":"post-33312","1":"product","2":"type-product","3":"status-publish","4":"has-post-thumbnail","6":"pwb-brand-intense","7":"pwb-brand-intenseintense-toysintense-couples-toys","8":"pwb-brand-intenseintense-toys","9":"product_cat-juguetes-sexuales-xxxestimuladores","10":"product_cat-juguetes-sexuales-xxx","11":"product_cat-juguetes-sexuales-xxxmasturbadores-para-ellas","12":"product_cat-novedades","13":"product_cat-parejas","14":"product_cat-juguetes-sexuales-xxxvibradores","15":"post_count_is_0","16":"boutique_post_style_4","18":"first","19":"instock","20":"taxable","21":"shipping-taxable","22":"purchasable","23":"product-type-simple","24":"boutique_image_style_2"},"brands":[{"id":146,"name":"INTENSE","slug":"intense"},{"id":466,"name":"INTENSE COUPLES TOYS","slug":"intenseintense-toysintense-couples-toys"},{"id":465,"name":"INTENSE TOYS","slug":"intenseintense-toys"}],"_links":{"self":[{"href":"https:\/\/www.pussycatmerida.com\/eshop\/wp-json\/wp\/v2\/product\/33312","targetHints":{"allow":["GET"]}}],"collection":[{"href":"https:\/\/www.pussycatmerida.com\/eshop\/wp-json\/wp\/v2\/product"}],"about":[{"href":"https:\/\/www.pussycatmerida.com\/eshop\/wp-json\/wp\/v2\/types\/product"}],"wp:featuredmedia":[{"embeddable":true,"href":"https:\/\/www.pussycatmerida.com\/eshop\/wp-json\/wp\/v2\/media\/40592"}],"wp:attachment":[{"href":"https:\/\/www.pussycatmerida.com\/eshop\/wp-json\/wp\/v2\/media?parent=33312"}],"wp:term":[{"taxonomy":"pwb-brand","embeddable":true,"href":"https:\/\/www.pussycatmerida.com\/eshop\/wp-json\/wp\/v2\/pwb-brand?post=33312"},{"taxonomy":"product_brand","embeddable":true,"href":"https:\/\/www.pussycatmerida.com\/eshop\/wp-json\/wp\/v2\/product_brand?post=33312"},{"taxonomy":"product_cat","embeddable":true,"href":"https:\/\/www.pussycatmerida.com\/eshop\/wp-json\/wp\/v2\/product_cat?post=33312"},{"taxonomy":"product_tag","embeddable":true,"href":"https:\/\/www.pussycatmerida.com\/eshop\/wp-json\/wp\/v2\/product_tag?post=33312"}],"curies":[{"name":"wp","href":"https:\/\/api.w.org\/{rel}","templated":true}]}}