{"id":3389,"date":"2021-03-01T13:28:28","date_gmt":"2021-03-01T11:28:28","guid":{"rendered":"https:\/\/www.pussycatmerida.com\/eshop\/product\/sexo-lesbiano-juego-de-cartas-es-en\/"},"modified":"2026-03-11T12:26:52","modified_gmt":"2026-03-11T11:26:52","slug":"sexo-lesbiano-juego-de-cartas-es-en","status":"publish","type":"product","link":"https:\/\/www.pussycatmerida.com\/eshop\/producto\/sexo-lesbiano-juego-de-cartas-es-en\/","title":{"rendered":"SEXO LESBIANO JUEGO DE CARTAS ES\/EN"},"content":{"rendered":"<p>Un alocado y rom\u00e1ntico juego de cartas para dos muy divertido<\/p>\n<p>Cada carta ilustra una actividad de est\u00edmulo sexual o una posici\u00f3n sexual. Al jugar una de las tres cartas, usted y su pareja usar\u00e1n las cartas para planear una de las 100.000 fantas\u00edas posibles. Despu\u00e9s de construir una fantas\u00eda, ambos la realizaran.<\/p>\n<p>Se puede jugar de tres formas.<\/p>\n<p>Compita para construir la \u00faltima noche de pasi\u00f3n al jugar La \u00daltima Fantas\u00eda, deje que el destino decida su noche con El Adivino de la Fortuna, o construya su fantas\u00eda mientras aprende acerca de lo que su pareja le gusta, ama, y desea con El Apetito Sexual de su Pareja.<br \/>Contenido<\/p>\n<p>Incluye: 50 cartas de SEX! L\u00c9SBICO, 3 cartas de reglas del juego y 1 carta de Libere su fantas\u00eda. En ingl\u00e9s y espa\u00f1ol.<\/p>\n<p>Comienza el Juego!!<\/p>\n","protected":false},"excerpt":{"rendered":"<p>LESBIANO JUEGO DE CARTAS  ES\/EN<\/p>\n","protected":false},"featured_media":62694,"template":"","meta":[],"pwb-brand":[821],"product_brand":[],"product_cat":[375,442,376,443],"product_tag":[],"class_list":{"0":"post-3389","1":"product","2":"type-product","3":"status-publish","4":"has-post-thumbnail","6":"pwb-brand-kheper-games-inc","7":"product_cat-juegos","8":"product_cat-juegosjuegos-de-cartas","9":"product_cat-juegosjuegos-de-pareja","10":"product_cat-juegosjuegos-en-espanol","11":"post_count_is_0","12":"boutique_post_style_4","14":"first","15":"instock","16":"taxable","17":"shipping-taxable","18":"purchasable","19":"product-type-simple","20":"boutique_image_style_2"},"brands":[{"id":821,"name":"KHEPER GAMES, INC.","slug":"kheper-games-inc"}],"_links":{"self":[{"href":"https:\/\/www.pussycatmerida.com\/eshop\/wp-json\/wp\/v2\/product\/3389","targetHints":{"allow":["GET"]}}],"collection":[{"href":"https:\/\/www.pussycatmerida.com\/eshop\/wp-json\/wp\/v2\/product"}],"about":[{"href":"https:\/\/www.pussycatmerida.com\/eshop\/wp-json\/wp\/v2\/types\/product"}],"wp:featuredmedia":[{"embeddable":true,"href":"https:\/\/www.pussycatmerida.com\/eshop\/wp-json\/wp\/v2\/media\/62694"}],"wp:attachment":[{"href":"https:\/\/www.pussycatmerida.com\/eshop\/wp-json\/wp\/v2\/media?parent=3389"}],"wp:term":[{"taxonomy":"pwb-brand","embeddable":true,"href":"https:\/\/www.pussycatmerida.com\/eshop\/wp-json\/wp\/v2\/pwb-brand?post=3389"},{"taxonomy":"product_brand","embeddable":true,"href":"https:\/\/www.pussycatmerida.com\/eshop\/wp-json\/wp\/v2\/product_brand?post=3389"},{"taxonomy":"product_cat","embeddable":true,"href":"https:\/\/www.pussycatmerida.com\/eshop\/wp-json\/wp\/v2\/product_cat?post=3389"},{"taxonomy":"product_tag","embeddable":true,"href":"https:\/\/www.pussycatmerida.com\/eshop\/wp-json\/wp\/v2\/product_tag?post=3389"}],"curies":[{"name":"wp","href":"https:\/\/api.w.org\/{rel}","templated":true}]}}