{"id":35278,"date":"2021-02-24T15:13:07","date_gmt":"2021-02-24T13:13:07","guid":{"rendered":"https:\/\/www.pussycatmerida.com\/eshop\/product\/tenga-masturbador-geo-aqua\/"},"modified":"2026-03-11T12:27:19","modified_gmt":"2026-03-11T11:27:19","slug":"tenga-masturbador-geo-aqua","status":"publish","type":"product","link":"https:\/\/www.pussycatmerida.com\/eshop\/producto\/tenga-masturbador-geo-aqua\/","title":{"rendered":"TENGA  MASTURBADOR GEO AQUA"},"content":{"rendered":"<p>Impresionantes detalles dimensionales.<\/p>\n<p>Destacadas sensaciones geom\u00e9tricas.<\/p>\n<p>Detalles intrincados, inspirados en las matem\u00e1ticas y la naturaleza, adornan el exterior del TENGA GEO.<\/p>\n<p>Dale la vuelta al GEO y estas formas geom\u00e9tricas se transformar\u00e1n en detalles internos densamente empaquetados.<\/p>\n<p>Hecho de un material personalizado grueso y suave, disfrute de las sensaciones que se encuentran en estos intrincados detalles.<\/p>\n<ul>\n<li>Invertir el producto para su uso<\/li>\n<li>Art\u00edculo reutilizable y f\u00e1cil de lavar (se incluye una bolsa de muestra de loci\u00f3n)<\/li>\n<li>Incluye soporte para secado higi\u00e9nico<\/li>\n<\/ul>\n<p>Aqua: Cantos fluidos para un placer directo y ondulado.<\/p>\n<p>Especificaciones:<\/p>\n<p>Tama\u00f1o del producto: 87x87x86 mm<\/p>\n<p>Peso del producto: 200 g<\/p>\n<p>Otra informaci\u00f3n: lubricante de muestra reutilizable incluido<\/p>\n","protected":false},"excerpt":{"rendered":"<p>TENGA  GEO AQUA<\/p>\n","protected":false},"featured_media":35279,"template":"","meta":[],"pwb-brand":[41],"product_brand":[],"product_cat":[899,274,293,471],"product_tag":[],"class_list":{"0":"post-35278","1":"product","2":"type-product","3":"status-publish","4":"has-post-thumbnail","6":"pwb-brand-tenga","7":"product_cat-huevos-masturbadores","8":"product_cat-juguetes-sexuales-xxx","9":"product_cat-juguetes-sexuales-xxxmasturbadores-para-ellos","10":"product_cat-novedades","11":"post_count_is_0","12":"boutique_post_style_4","14":"first","15":"instock","16":"taxable","17":"shipping-taxable","18":"purchasable","19":"product-type-simple","20":"boutique_image_style_2"},"brands":[{"id":41,"name":"TENGA","slug":"tenga"}],"_links":{"self":[{"href":"https:\/\/www.pussycatmerida.com\/eshop\/wp-json\/wp\/v2\/product\/35278","targetHints":{"allow":["GET"]}}],"collection":[{"href":"https:\/\/www.pussycatmerida.com\/eshop\/wp-json\/wp\/v2\/product"}],"about":[{"href":"https:\/\/www.pussycatmerida.com\/eshop\/wp-json\/wp\/v2\/types\/product"}],"wp:featuredmedia":[{"embeddable":true,"href":"https:\/\/www.pussycatmerida.com\/eshop\/wp-json\/wp\/v2\/media\/35279"}],"wp:attachment":[{"href":"https:\/\/www.pussycatmerida.com\/eshop\/wp-json\/wp\/v2\/media?parent=35278"}],"wp:term":[{"taxonomy":"pwb-brand","embeddable":true,"href":"https:\/\/www.pussycatmerida.com\/eshop\/wp-json\/wp\/v2\/pwb-brand?post=35278"},{"taxonomy":"product_brand","embeddable":true,"href":"https:\/\/www.pussycatmerida.com\/eshop\/wp-json\/wp\/v2\/product_brand?post=35278"},{"taxonomy":"product_cat","embeddable":true,"href":"https:\/\/www.pussycatmerida.com\/eshop\/wp-json\/wp\/v2\/product_cat?post=35278"},{"taxonomy":"product_tag","embeddable":true,"href":"https:\/\/www.pussycatmerida.com\/eshop\/wp-json\/wp\/v2\/product_tag?post=35278"}],"curies":[{"name":"wp","href":"https:\/\/api.w.org\/{rel}","templated":true}]}}