{"id":46703,"date":"2021-02-26T14:25:16","date_gmt":"2021-02-26T12:25:16","guid":{"rendered":"https:\/\/www.pussycatmerida.com\/eshop\/product\/secretplay-monodosis-always-virgin-4ml\/"},"modified":"2026-03-11T12:26:43","modified_gmt":"2026-03-11T11:26:43","slug":"secretplay-monodosis-always-virgin-4ml","status":"publish","type":"product","link":"https:\/\/www.pussycatmerida.com\/eshop\/producto\/secretplay-monodosis-always-virgin-4ml\/","title":{"rendered":"SECRETPLAY MONODOSIS ALWAYS VIRGIN 4ML"},"content":{"rendered":"<p>Te gustar\u00eda experimentar de nuevo la sensaci\u00f3n que tuviste en tu primera vez?<\/p>\n<p>\u00abAlways Virgin\u00bb es un astringente \u00edntimo compuesto de ingredientes naturales que proporciona una sensaci\u00f3n de estrechamiento de los m\u00fasculos vaginales, intensificado el placer en tus relaciones como si fuese la primera vez.<\/p>\n<p>Modo de empleo: Higienizar la zona interna y aplicar masajeando en las paredes vaginales hasta sentir la completa absorci\u00f3n 15 minutos antes de la relaci\u00f3n.<\/p>\n<p>PRECAUCIONES: Producto cosm\u00e9tico elaborado con astringentes naturales. No utilizar en caso de hipersensibilidad o alergia a alguno de los ingredientes. En caso de irritaci\u00f3n suspender el uso. No aplicar sobre el \u00e1rea de los ojos o heridas. No ingerir. Mantener fuera del alcance de los ni\u00f1os. Conservar en un lugar fresco, seco y alejado de la luz solar.<\/p>\n<ul>\n<li>Formato Sachet<\/li>\n<li>Capacidad: 4 ml<\/li>\n<li>Apto para veganos<\/li>\n<li>No testado en animales<\/li>\n<li>100% natural<\/li>\n<li>Hecho en Espa\u00f1a<\/li>\n<\/ul>\n","protected":false},"excerpt":{"rendered":"<p>SECRETPLAY SINGLE DOSE ALWAYS VIRGIN 4ML<\/p>\n","protected":false},"featured_media":46704,"template":"","meta":[],"pwb-brand":[498,682],"product_brand":[],"product_cat":[337,471,359,360],"product_tag":[],"class_list":{"0":"post-46703","1":"product","2":"type-product","3":"status-publish","4":"has-post-thumbnail","6":"pwb-brand-secretplay","7":"pwb-brand-secretplaysecretplay-cosmetic","8":"product_cat-aceites-y-lubricantes","9":"product_cat-novedades","10":"product_cat-aceites-y-lubricantesorgasmo-femenino","11":"product_cat-aceites-y-lubricantesorgasmo-femeninovagina-virgen","12":"post_count_is_0","13":"boutique_post_style_4","15":"first","16":"instock","17":"taxable","18":"shipping-taxable","19":"purchasable","20":"product-type-simple","21":"boutique_image_style_2"},"brands":[{"id":498,"name":"SECRETPLAY","slug":"secretplay"},{"id":682,"name":"SECRETPLAY COSMETIC","slug":"secretplaysecretplay-cosmetic"}],"_links":{"self":[{"href":"https:\/\/www.pussycatmerida.com\/eshop\/wp-json\/wp\/v2\/product\/46703","targetHints":{"allow":["GET"]}}],"collection":[{"href":"https:\/\/www.pussycatmerida.com\/eshop\/wp-json\/wp\/v2\/product"}],"about":[{"href":"https:\/\/www.pussycatmerida.com\/eshop\/wp-json\/wp\/v2\/types\/product"}],"wp:featuredmedia":[{"embeddable":true,"href":"https:\/\/www.pussycatmerida.com\/eshop\/wp-json\/wp\/v2\/media\/46704"}],"wp:attachment":[{"href":"https:\/\/www.pussycatmerida.com\/eshop\/wp-json\/wp\/v2\/media?parent=46703"}],"wp:term":[{"taxonomy":"pwb-brand","embeddable":true,"href":"https:\/\/www.pussycatmerida.com\/eshop\/wp-json\/wp\/v2\/pwb-brand?post=46703"},{"taxonomy":"product_brand","embeddable":true,"href":"https:\/\/www.pussycatmerida.com\/eshop\/wp-json\/wp\/v2\/product_brand?post=46703"},{"taxonomy":"product_cat","embeddable":true,"href":"https:\/\/www.pussycatmerida.com\/eshop\/wp-json\/wp\/v2\/product_cat?post=46703"},{"taxonomy":"product_tag","embeddable":true,"href":"https:\/\/www.pussycatmerida.com\/eshop\/wp-json\/wp\/v2\/product_tag?post=46703"}],"curies":[{"name":"wp","href":"https:\/\/api.w.org\/{rel}","templated":true}]}}