{"id":47857,"date":"2021-02-26T14:37:09","date_gmt":"2021-02-26T12:37:09","guid":{"rendered":"https:\/\/www.pussycatmerida.com\/eshop\/product\/shunga-dragon-crema-potenciadora-de-la-ereccion\/"},"modified":"2026-03-11T12:38:45","modified_gmt":"2026-03-11T11:38:45","slug":"shunga-dragon-crema-potenciadora-de-la-ereccion","status":"publish","type":"product","link":"https:\/\/www.pussycatmerida.com\/eshop\/producto\/shunga-dragon-crema-potenciadora-de-la-ereccion\/","title":{"rendered":"SHUNGA DRAGON CREMA POTENCIADORA DE LA ERECCION"},"content":{"rendered":"<p>Con el fin de brindar a su pareja con toda la potencia aumentando a la vez el placer propio, Shunga ha propone la crema de virilidad Drag\u00f3n, especialmente formulada para los hombres.<\/p>\n<p>Su f\u00f3rmula exclusiva, a partir de plantas y extractos naturales, <strong>ayuda a los hombres<\/strong> desde la primera aplicaci\u00f3n,<strong> a hacer brotar toda la fuerza y energ\u00eda del \u00f3rgano masculino<\/strong>.<\/p>\n<p>Ideal para mantener el control de sus capacidades sexuales, se aplica antes de las relaciones masajeando a los largo de todo el miembro haciendo efecto en pocos minutos.<\/p>\n<p>Adem\u00e1s permite durante el contacto intensificar la sensibilidad de su pareja para conducirla m\u00e1s f\u00e1cilmente hacia intensos y m\u00faltiples orgasmos.<\/p>\n<p>Efecto <em>fuego-hielo<\/em> de larga duraci\u00f3n para un rendimiento \u00f3ptimo, Compatible con l\u00e1tex  ,Textura lubricante<\/p>\n<ul>\n<li>Aroma y sabor a fresas con menta.<\/li>\n<\/ul>\n<p>Envase de 60 ml.<\/p>\n<p>Sensaciones eroticas inolvidables.<\/p>\n<p>Shunga es L\u00edder mundia en cosmetica Erotica, sus ingredientes naturales fusionado con principios activos logran un gran resultado<\/p>\n<p>Entrar en el mundo er\u00f3tico de Shunga es viajar al pasado. Traducido literalmente, Shunga significa \u0091imagen de primavera\u0092, una manera delicada de decir \u0091relaciones sexuales\u0092 entre personas.<\/p>\n<p>Esta palabra se usaba para designar las pinturas er\u00f3ticas japonesas del siglo XVI, XVII y XVIII, un tipo llamado ukiyo-e, que no eran otra cosa que obras sobre madera o pergamino con escenas sensuales y episodios de amor carnal, siempre elaborados con mucho cuidado y buen gusto.<\/p>\n<p>El arte Shunga, aunque oculto durante siglos, marc\u00f3 el principio de la industria pornogr\u00e1fica para la clase media nipona y sirvi\u00f3 durante generaciones como ense\u00f1anza para los hijos y las hijas de muchas familias.<\/p>\n<p><img decoding=\"async\" alt=\"\" src=\"https:\/\/store.dreamlove.es\/UserFiles\/image\/banderas.png\" style=\"width: 121px; height: 35px;\" \/><\/p>\n<p style=\"text-align: center;\"><iframe loading=\"lazy\" allowfullscreen=\"\" frameborder=\"0\" height=\"300\" scrolling=\"no\" src=\"https:\/\/www.youtube.com\/embed\/lLzAv6urW-Y?rel=0controls=0showinfo=0\" width=\"800\"><\/iframe><\/p>\n","protected":false},"excerpt":{"rendered":"<p>SHUNGA DRAGON VIRILITY CREAM<\/p>\n","protected":false},"featured_media":47858,"template":"","meta":[],"pwb-brand":[42,774],"product_brand":[],"product_cat":[350,342,337,328,340,951,356,359,363,361,330,362,331,322,365],"product_tag":[],"class_list":{"0":"post-47857","1":"product","2":"type-product","3":"status-publish","4":"has-post-thumbnail","6":"pwb-brand-shunga","7":"pwb-brand-shungashunga-aphrodisiacs","8":"product_cat-aceites-y-lubricantesaceites-y-cremas-de-masaje100-comestibles","9":"product_cat-aceites-y-lubricantesaceites-y-cremas-de-masaje","10":"product_cat-aceites-y-lubricantes","11":"product_cat-afrodisiacos","12":"product_cat-aceites-y-lubricantesaumenta-la-potencia-en-el-hombre","13":"product_cat-dia-del-padre","14":"product_cat-aceites-y-lubricantesaceites-y-cremas-de-masajeefecto-afrodisiaco","15":"product_cat-aceites-y-lubricantesorgasmo-femenino","16":"product_cat-aceites-y-lubricantesorgasmo-femeninopara-tu-punto-g","17":"product_cat-aceites-y-lubricantesorgasmo-femeninopotenciador-orgasmo-femenino","18":"product_cat-afrodisiacospotenciadores","19":"product_cat-afrodisiacospunto-g","20":"product_cat-afrodisiacosretardantes","21":"product_cat-seccion-tuppersex","22":"product_cat-aceites-y-lubricantesaumenta-la-potencia-en-el-hombrevigorizantes","23":"post_count_is_0","24":"boutique_post_style_4","26":"first","27":"instock","28":"taxable","29":"shipping-taxable","30":"purchasable","31":"product-type-simple","32":"boutique_image_style_2"},"brands":[{"id":42,"name":"SHUNGA","slug":"shunga"},{"id":774,"name":"SHUNGA APHRODISIACS","slug":"shungashunga-aphrodisiacs"}],"_links":{"self":[{"href":"https:\/\/www.pussycatmerida.com\/eshop\/wp-json\/wp\/v2\/product\/47857","targetHints":{"allow":["GET"]}}],"collection":[{"href":"https:\/\/www.pussycatmerida.com\/eshop\/wp-json\/wp\/v2\/product"}],"about":[{"href":"https:\/\/www.pussycatmerida.com\/eshop\/wp-json\/wp\/v2\/types\/product"}],"wp:featuredmedia":[{"embeddable":true,"href":"https:\/\/www.pussycatmerida.com\/eshop\/wp-json\/wp\/v2\/media\/47858"}],"wp:attachment":[{"href":"https:\/\/www.pussycatmerida.com\/eshop\/wp-json\/wp\/v2\/media?parent=47857"}],"wp:term":[{"taxonomy":"pwb-brand","embeddable":true,"href":"https:\/\/www.pussycatmerida.com\/eshop\/wp-json\/wp\/v2\/pwb-brand?post=47857"},{"taxonomy":"product_brand","embeddable":true,"href":"https:\/\/www.pussycatmerida.com\/eshop\/wp-json\/wp\/v2\/product_brand?post=47857"},{"taxonomy":"product_cat","embeddable":true,"href":"https:\/\/www.pussycatmerida.com\/eshop\/wp-json\/wp\/v2\/product_cat?post=47857"},{"taxonomy":"product_tag","embeddable":true,"href":"https:\/\/www.pussycatmerida.com\/eshop\/wp-json\/wp\/v2\/product_tag?post=47857"}],"curies":[{"name":"wp","href":"https:\/\/api.w.org\/{rel}","templated":true}]}}