{"id":49006,"date":"2021-02-26T14:53:19","date_gmt":"2021-02-26T12:53:19","guid":{"rendered":"https:\/\/www.pussycatmerida.com\/eshop\/product\/shunga-pintura-corporal-de-chocolate\/"},"modified":"2026-03-11T12:38:41","modified_gmt":"2026-03-11T11:38:41","slug":"shunga-pintura-corporal-de-chocolate","status":"publish","type":"product","link":"https:\/\/www.pussycatmerida.com\/eshop\/producto\/shunga-pintura-corporal-de-chocolate\/","title":{"rendered":"SHUNGA PINTURA CORPORAL DE CHOCOLATE"},"content":{"rendered":"<p>El chocolate es afrodis\u00edaco&#8230; Aun m\u00e1s si creas dibujos con \u00e9l sobre la piel de tu amante y lo saboreas despu\u00e9s.<\/p>\n<p>Este delicioso y sofisticado chocolate l\u00edquido de Shunga va acompa\u00f1ado de un <strong>p\u00edcaro pincel con el que liberar tu creatividad<\/strong>.<\/p>\n<p>Escribe poemas o mensajes de amor, dibuja corazones o estrellas, traza las letras de tu nombre&#8230; y <strong>disfruta despu\u00e9s de un doble fest\u00edn<\/strong>: la exquisita sensualidad del chocolate y el deseado cuerpo de tu amante.<\/p>\n<ul>\n<li>Comienza un delicioso juego, Producto 100% comestible ( incluye pincel )<\/li>\n<\/ul>\n<p>Envase de cristal de 100.ml<\/p>\n<p>Shunga es L\u00edder mundia en cosmetica Erotica, sus ingredientes naturales fusionado con principios activos logran un gran resultado<\/p>\n<p>Entrar en el mundo er\u00f3tico de Shunga es viajar al pasado. Traducido literalmente, Shunga significa \u2018imagen de primavera, una manera delicada de decir \u2018relaciones sexuales entre personas.<\/p>\n<p>Esta palabra se usaba para designar las pinturas er\u00f3ticas japonesas del siglo XVI, XVII y XVIII, un tipo llamado ukiyo-e, que no eran otra cosa que obras sobre madera o pergamino con escenas sensuales y episodios de amor carnal, siempre elaborados con mucho cuidado y buen gusto.<\/p>\n<p>El arte Shunga, aunque oculto durante siglos, marc\u00f3 el principio de la industria pornogr\u00e1fica para la clase media nipona y sirvi\u00f3 durante generaciones como ense\u00f1anza para los hijos y las hijas de muchas familias.<\/p>\n<p><img decoding=\"async\" alt=\"\" src=\"https:\/\/store.dreamlove.es\/UserFiles\/image\/banderas.png\" style=\"width: 121px; height: 35px;\" \/><\/p>\n<p>\u00a0<\/p>\n","protected":false},"excerpt":{"rendered":"<p>SHUNGA BODY PAINTING CHOCOLATE<\/p>\n","protected":false},"featured_media":49007,"template":"","meta":[],"pwb-brand":[42,763],"product_brand":[],"product_cat":[350,342,337,384,380,353,322],"product_tag":[],"class_list":{"0":"post-49006","1":"product","2":"type-product","3":"status-publish","4":"has-post-thumbnail","6":"pwb-brand-shunga","7":"pwb-brand-shungashunga-massage-cream","8":"product_cat-aceites-y-lubricantesaceites-y-cremas-de-masaje100-comestibles","9":"product_cat-aceites-y-lubricantesaceites-y-cremas-de-masaje","10":"product_cat-aceites-y-lubricantes","11":"product_cat-articulos-variadosarticulos-comestibles","12":"product_cat-articulos-variados","13":"product_cat-aceites-y-lubricantesaceites-y-cremas-de-masajeclima-erotico","14":"product_cat-seccion-tuppersex","15":"post_count_is_0","16":"boutique_post_style_4","18":"first","19":"instock","20":"taxable","21":"shipping-taxable","22":"purchasable","23":"product-type-simple","24":"boutique_image_style_2"},"brands":[{"id":42,"name":"SHUNGA","slug":"shunga"},{"id":763,"name":"SHUNGA MASSAGE CREAM","slug":"shungashunga-massage-cream"}],"_links":{"self":[{"href":"https:\/\/www.pussycatmerida.com\/eshop\/wp-json\/wp\/v2\/product\/49006","targetHints":{"allow":["GET"]}}],"collection":[{"href":"https:\/\/www.pussycatmerida.com\/eshop\/wp-json\/wp\/v2\/product"}],"about":[{"href":"https:\/\/www.pussycatmerida.com\/eshop\/wp-json\/wp\/v2\/types\/product"}],"wp:featuredmedia":[{"embeddable":true,"href":"https:\/\/www.pussycatmerida.com\/eshop\/wp-json\/wp\/v2\/media\/49007"}],"wp:attachment":[{"href":"https:\/\/www.pussycatmerida.com\/eshop\/wp-json\/wp\/v2\/media?parent=49006"}],"wp:term":[{"taxonomy":"pwb-brand","embeddable":true,"href":"https:\/\/www.pussycatmerida.com\/eshop\/wp-json\/wp\/v2\/pwb-brand?post=49006"},{"taxonomy":"product_brand","embeddable":true,"href":"https:\/\/www.pussycatmerida.com\/eshop\/wp-json\/wp\/v2\/product_brand?post=49006"},{"taxonomy":"product_cat","embeddable":true,"href":"https:\/\/www.pussycatmerida.com\/eshop\/wp-json\/wp\/v2\/product_cat?post=49006"},{"taxonomy":"product_tag","embeddable":true,"href":"https:\/\/www.pussycatmerida.com\/eshop\/wp-json\/wp\/v2\/product_tag?post=49006"}],"curies":[{"name":"wp","href":"https:\/\/api.w.org\/{rel}","templated":true}]}}