{"id":51009,"date":"2021-02-26T15:14:58","date_gmt":"2021-02-26T13:14:58","guid":{"rendered":"https:\/\/www.pussycatmerida.com\/eshop\/product\/desir-metallique-esposas-malla-metalicas-doradas\/"},"modified":"2026-03-11T12:38:59","modified_gmt":"2026-03-11T11:38:59","slug":"desir-metallique-esposas-malla-metalicas-doradas","status":"publish","type":"product","link":"https:\/\/www.pussycatmerida.com\/eshop\/producto\/desir-metallique-esposas-malla-metalicas-doradas\/","title":{"rendered":"DESIR METALLIQUE ESPOSAS MALLA METALICAS DORADAS"},"content":{"rendered":"<p>La batalla de la seducci\u00f3n ha comenzado, prep\u00e1rate para la lucha piel contra piel con D\u00e9sir M\u00e9tallique, unas esposas en el campo de batalla;<\/p>\n<ul>\n<li>Unos originales brazaletes para lucir en cualquier ocasi\u00f3n.<\/li>\n<\/ul>\n<p>Contiene: Esposas de malla met\u00e1lica.<\/p>\n","protected":false},"excerpt":{"rendered":"<p>DESIR METALLIQUE BLACK  MESH GOLD HANDCUFFS<\/p>\n","protected":false},"featured_media":51010,"template":"","meta":[],"pwb-brand":[630,51],"product_brand":[],"product_cat":[390,282,912,274,389,295],"product_tag":[],"class_list":{"0":"post-51009","1":"product","2":"type-product","3":"status-publish","4":"has-post-thumbnail","6":"pwb-brand-bijoux-indiscretsbijoux-desire-metallique","7":"pwb-brand-bijoux-indiscrets","8":"product_cat-juguetes-sexuales-xxxfetish-bondageesposas","9":"product_cat-juguetes-sexuales-xxxfetish-bondage","10":"product_cat-joyeria-corporal","11":"product_cat-juguetes-sexuales-xxx","12":"product_cat-juguetes-sexuales-xxxmascaras-y-esposas","13":"product_cat-juguetes-sexuales-xxxmetal","14":"post_count_is_0","15":"boutique_post_style_4","17":"first","18":"instock","19":"taxable","20":"shipping-taxable","21":"purchasable","22":"product-type-simple","23":"boutique_image_style_2"},"brands":[{"id":630,"name":"BIJOUX DESIRE METALLIQUE","slug":"bijoux-indiscretsbijoux-desire-metallique"},{"id":51,"name":"BIJOUX INDISCRETS","slug":"bijoux-indiscrets"}],"_links":{"self":[{"href":"https:\/\/www.pussycatmerida.com\/eshop\/wp-json\/wp\/v2\/product\/51009","targetHints":{"allow":["GET"]}}],"collection":[{"href":"https:\/\/www.pussycatmerida.com\/eshop\/wp-json\/wp\/v2\/product"}],"about":[{"href":"https:\/\/www.pussycatmerida.com\/eshop\/wp-json\/wp\/v2\/types\/product"}],"wp:featuredmedia":[{"embeddable":true,"href":"https:\/\/www.pussycatmerida.com\/eshop\/wp-json\/wp\/v2\/media\/51010"}],"wp:attachment":[{"href":"https:\/\/www.pussycatmerida.com\/eshop\/wp-json\/wp\/v2\/media?parent=51009"}],"wp:term":[{"taxonomy":"pwb-brand","embeddable":true,"href":"https:\/\/www.pussycatmerida.com\/eshop\/wp-json\/wp\/v2\/pwb-brand?post=51009"},{"taxonomy":"product_brand","embeddable":true,"href":"https:\/\/www.pussycatmerida.com\/eshop\/wp-json\/wp\/v2\/product_brand?post=51009"},{"taxonomy":"product_cat","embeddable":true,"href":"https:\/\/www.pussycatmerida.com\/eshop\/wp-json\/wp\/v2\/product_cat?post=51009"},{"taxonomy":"product_tag","embeddable":true,"href":"https:\/\/www.pussycatmerida.com\/eshop\/wp-json\/wp\/v2\/product_tag?post=51009"}],"curies":[{"name":"wp","href":"https:\/\/api.w.org\/{rel}","templated":true}]}}