{"id":5758,"date":"2021-02-26T14:53:31","date_gmt":"2021-02-26T12:53:31","guid":{"rendered":"https:\/\/www.pussycatmerida.com\/eshop\/product\/butt-throb-estimulador-del-punto-p-7-velocidades-negro\/"},"modified":"2026-03-11T12:28:00","modified_gmt":"2026-03-11T11:28:00","slug":"butt-throb-estimulador-del-punto-p-7-velocidades-negro","status":"publish","type":"product","link":"https:\/\/www.pussycatmerida.com\/eshop\/producto\/butt-throb-estimulador-del-punto-p-7-velocidades-negro\/","title":{"rendered":"BUTT THROB ESTIMULADOR DEL PUNTO P 7 VELOCIDADES NEGRO"},"content":{"rendered":"<p><img loading=\"lazy\" decoding=\"async\" alt=\"http:\/\/www.rocks-off.com\/images\/quality-stamp.png\" height=\"92\" src=\"https:\/\/dreamlove.gesio.be\/UserFiles\/image\/rocks-off-logo(1).png\" width=\"94\" \/><\/p>\n<p>Un placer afrutado para ti y tu trasero<\/p>\n<p>Si\u00e9ntete completamente realizado dejando que este vibrador anal te haga palpitar de placer. Butt Throb te transporta a una nueva dimensi\u00f3n del placer anal con sus 7 niveles de puro \u00e9xtasis er\u00f3tico. \u00a1Es hora de pasar a la acci\u00f3n y hacer disfrutar a tu trasero!<\/p>\n<p>Fabricado en silicona 100% segura, material muy suave al tacto, hipoalerg\u00e9nico y de calidad, compatible con las pieles m\u00e1s sensibles.<\/p>\n<p>Incorpora un bala vibradora RO-80mm\u00a0 que podr\u00e1s extraer para una mejor limpieza o por si quisieras jugar por separado y utilizarlo como estimulador.<\/p>\n<p>Adem\u00e1s es totalmente sumergible por lo que podr\u00e1s hacerla vibrar en el agua.<\/p>\n<p>Medidas: 75 mm x 43 mm de di\u00e1metro.<\/p>\n<p>Funciona con 1 pila LR1 que viene incluida.<\/p>\n","protected":false},"excerpt":{"rendered":"<p>BUTT THROB 7 SPEED ANAL ESTIMULATOR BLACK<\/p>\n","protected":false},"featured_media":49025,"template":"","meta":[],"pwb-brand":[52],"product_brand":[],"product_cat":[275,280,387,288,274,300,299],"product_tag":[],"class_list":{"0":"post-5758","1":"product","2":"type-product","3":"status-publish","4":"has-post-thumbnail","6":"pwb-brand-rocks-off","7":"product_cat-juguetes-sexuales-xxxacuaticos","8":"product_cat-juguetes-sexuales-xxxanal","9":"product_cat-juguetes-sexuales-xxxespecial-gays","10":"product_cat-juguetes-sexuales-xxxestimuladores","11":"product_cat-juguetes-sexuales-xxx","12":"product_cat-juguetes-sexuales-xxxplugs-anales","13":"product_cat-juguetes-sexuales-xxxvibradores","14":"post_count_is_0","15":"boutique_post_style_4","17":"first","18":"instock","19":"taxable","20":"shipping-taxable","21":"purchasable","22":"product-type-simple","23":"boutique_image_style_2"},"brands":[{"id":52,"name":"ROCKS OFF","slug":"rocks-off"}],"_links":{"self":[{"href":"https:\/\/www.pussycatmerida.com\/eshop\/wp-json\/wp\/v2\/product\/5758","targetHints":{"allow":["GET"]}}],"collection":[{"href":"https:\/\/www.pussycatmerida.com\/eshop\/wp-json\/wp\/v2\/product"}],"about":[{"href":"https:\/\/www.pussycatmerida.com\/eshop\/wp-json\/wp\/v2\/types\/product"}],"wp:featuredmedia":[{"embeddable":true,"href":"https:\/\/www.pussycatmerida.com\/eshop\/wp-json\/wp\/v2\/media\/49025"}],"wp:attachment":[{"href":"https:\/\/www.pussycatmerida.com\/eshop\/wp-json\/wp\/v2\/media?parent=5758"}],"wp:term":[{"taxonomy":"pwb-brand","embeddable":true,"href":"https:\/\/www.pussycatmerida.com\/eshop\/wp-json\/wp\/v2\/pwb-brand?post=5758"},{"taxonomy":"product_brand","embeddable":true,"href":"https:\/\/www.pussycatmerida.com\/eshop\/wp-json\/wp\/v2\/product_brand?post=5758"},{"taxonomy":"product_cat","embeddable":true,"href":"https:\/\/www.pussycatmerida.com\/eshop\/wp-json\/wp\/v2\/product_cat?post=5758"},{"taxonomy":"product_tag","embeddable":true,"href":"https:\/\/www.pussycatmerida.com\/eshop\/wp-json\/wp\/v2\/product_tag?post=5758"}],"curies":[{"name":"wp","href":"https:\/\/api.w.org\/{rel}","templated":true}]}}