{"id":58696,"date":"2021-03-01T11:16:29","date_gmt":"2021-03-01T09:16:29","guid":{"rendered":"https:\/\/www.pussycatmerida.com\/eshop\/product\/custom-bullets-bala-recargable-cow-10-intensidades\/"},"modified":"2026-03-11T12:38:09","modified_gmt":"2026-03-11T11:38:09","slug":"custom-bullets-bala-recargable-cow-10-intensidades","status":"publish","type":"product","link":"https:\/\/www.pussycatmerida.com\/eshop\/producto\/custom-bullets-bala-recargable-cow-10-intensidades\/","title":{"rendered":"CUSTOM BULLETS BALA RECARGABLE COW 10 INTENSIDADES"},"content":{"rendered":"<p>Descubre la nueva colecci\u00f3n de balas vibradores recargables Custom Bullets\u2122 es todo lo que necesitas para pasar un buen rato.<\/p>\n<p>Esta bala f\u00e1cil de operar est\u00e1 lista para ensuciarse donde sea que sus pasiones lo lleven con 10 funciones de vibraci\u00f3n.<\/p>\n<p>Custom Bullets brinda una tentaci\u00f3n precisa. Divi\u00e9rtete mientras pasas por 10 funciones de vibraci\u00f3n, pulsaci\u00f3n y escalamiento con el bot\u00f3n de control de f\u00e1cil toque.<\/p>\n<p>\u00a0La colecci\u00f3n Custom Bullets \u2122 est\u00e1 hecha para destacar en cualquier mesita de noche.<\/p>\n<p>El estampado y el dise\u00f1o compacto de este magn\u00edfico mini masajeador har\u00e1n que incluso el amante m\u00e1s elegante sonr\u00eda.<\/p>\n<p>Carga tu pasi\u00f3n en solo 30 minutos conectando el cable USB provisto en el puerto de carga magn\u00e9tica en la parte posterior del masajeador. Acepta hasta 2 horas de vibraciones a baja velocidad y 70 minutos a alta velocidad.<\/p>\n<p>El delgado masajeador de tama\u00f1o discreto de 6,25 cm lo convierte en el compa\u00f1ero de viaje perfecto, permiti\u00e9ndote abrazar el placer dondequiera que te lleven tus fantas\u00edas.<\/p>\n<ul>\n<li>Longitud total 6.25 x 2 cm<\/li>\n<li>Recargable.<\/li>\n<li>Modos de vibraci\u00f3n 10<\/li>\n<li>Sumergible<\/li>\n<li>Material Suave ( Silicona y Abs )<\/li>\n<li>Motores 1<\/li>\n<li>Cargador Magn\u00e9tico incluido Recargable<\/li>\n<\/ul>\n","protected":false},"excerpt":{"rendered":"<p>CUSTOM BULLETS RECHARGEABLE COW MAGNETIC BULLET  10V<\/p>\n","protected":false},"featured_media":58697,"template":"","meta":[],"pwb-brand":[866],"product_brand":[],"product_cat":[429,288,274,471],"product_tag":[],"class_list":{"0":"post-58696","1":"product","2":"type-product","3":"status-publish","4":"has-post-thumbnail","6":"pwb-brand-custom-bullets","7":"product_cat-juguetes-sexuales-xxxbalas-vibradoras","8":"product_cat-juguetes-sexuales-xxxestimuladores","9":"product_cat-juguetes-sexuales-xxx","10":"product_cat-novedades","11":"post_count_is_0","12":"boutique_post_style_4","14":"first","15":"instock","16":"taxable","17":"shipping-taxable","18":"purchasable","19":"product-type-simple","20":"boutique_image_style_2"},"brands":[{"id":866,"name":"CUSTOM BULLETS","slug":"custom-bullets"}],"_links":{"self":[{"href":"https:\/\/www.pussycatmerida.com\/eshop\/wp-json\/wp\/v2\/product\/58696","targetHints":{"allow":["GET"]}}],"collection":[{"href":"https:\/\/www.pussycatmerida.com\/eshop\/wp-json\/wp\/v2\/product"}],"about":[{"href":"https:\/\/www.pussycatmerida.com\/eshop\/wp-json\/wp\/v2\/types\/product"}],"wp:featuredmedia":[{"embeddable":true,"href":"https:\/\/www.pussycatmerida.com\/eshop\/wp-json\/wp\/v2\/media\/58697"}],"wp:attachment":[{"href":"https:\/\/www.pussycatmerida.com\/eshop\/wp-json\/wp\/v2\/media?parent=58696"}],"wp:term":[{"taxonomy":"pwb-brand","embeddable":true,"href":"https:\/\/www.pussycatmerida.com\/eshop\/wp-json\/wp\/v2\/pwb-brand?post=58696"},{"taxonomy":"product_brand","embeddable":true,"href":"https:\/\/www.pussycatmerida.com\/eshop\/wp-json\/wp\/v2\/product_brand?post=58696"},{"taxonomy":"product_cat","embeddable":true,"href":"https:\/\/www.pussycatmerida.com\/eshop\/wp-json\/wp\/v2\/product_cat?post=58696"},{"taxonomy":"product_tag","embeddable":true,"href":"https:\/\/www.pussycatmerida.com\/eshop\/wp-json\/wp\/v2\/product_tag?post=58696"}],"curies":[{"name":"wp","href":"https:\/\/api.w.org\/{rel}","templated":true}]}}