{"id":62703,"date":"2021-03-01T13:28:33","date_gmt":"2021-03-01T11:28:33","guid":{"rendered":"https:\/\/www.pussycatmerida.com\/eshop\/product\/ladies-night-juego-de-amigas-es-en\/"},"modified":"2026-03-11T12:26:52","modified_gmt":"2026-03-11T11:26:52","slug":"ladies-night-juego-de-amigas-es-en","status":"publish","type":"product","link":"https:\/\/www.pussycatmerida.com\/eshop\/producto\/ladies-night-juego-de-amigas-es-en\/","title":{"rendered":"LADIES NIGHT JUEGO DE AMIGAS ES\/EN"},"content":{"rendered":"<p>LADIES NIGHT JUEGO DE AMIGAS. LADIES NIGHT THE GAME.<\/p>\n<p>Cu\u00e1nto crees saber de tus amigas? \u00a1Este juego te ayudar\u00e1 a descubrirlo! Aprender\u00e9is cosas unas de otras a trav\u00e9s de preguntas \u00edntimas e interesantes sobre cuatro categor\u00edas. La ganadora del juego ser\u00e1 aquella que acierte mejor las respuestas de sus amigas.<\/p>\n<p>Incluye 40 cartas de preguntas de Cosas de la vida, 40 cartas de preguntas de Personalidad, 40 cartas de preguntas de Amores y amantes, Ruleta de Noche entre amigas, un bloc de respuestas de Noche entre amigas.<\/p>\n<p>\u00a0<\/p>\n","protected":false},"excerpt":{"rendered":"<p>LADIES NIGHT THE GAME. ES\/EN<\/p>\n","protected":false},"featured_media":62704,"template":"","meta":[],"pwb-brand":[821],"product_brand":[],"product_cat":[385,375,379,443],"product_tag":[],"class_list":{"0":"post-62703","1":"product","2":"type-product","3":"status-publish","4":"has-post-thumbnail","6":"pwb-brand-kheper-games-inc","7":"product_cat-articulos-variadosarticulos-divertidos","8":"product_cat-juegos","9":"product_cat-juegosjuegos-de-mesa","10":"product_cat-juegosjuegos-en-espanol","11":"post_count_is_0","12":"boutique_post_style_4","14":"first","15":"instock","16":"taxable","17":"shipping-taxable","18":"purchasable","19":"product-type-simple","20":"boutique_image_style_2"},"brands":[{"id":821,"name":"KHEPER GAMES, INC.","slug":"kheper-games-inc"}],"_links":{"self":[{"href":"https:\/\/www.pussycatmerida.com\/eshop\/wp-json\/wp\/v2\/product\/62703","targetHints":{"allow":["GET"]}}],"collection":[{"href":"https:\/\/www.pussycatmerida.com\/eshop\/wp-json\/wp\/v2\/product"}],"about":[{"href":"https:\/\/www.pussycatmerida.com\/eshop\/wp-json\/wp\/v2\/types\/product"}],"wp:featuredmedia":[{"embeddable":true,"href":"https:\/\/www.pussycatmerida.com\/eshop\/wp-json\/wp\/v2\/media\/62704"}],"wp:attachment":[{"href":"https:\/\/www.pussycatmerida.com\/eshop\/wp-json\/wp\/v2\/media?parent=62703"}],"wp:term":[{"taxonomy":"pwb-brand","embeddable":true,"href":"https:\/\/www.pussycatmerida.com\/eshop\/wp-json\/wp\/v2\/pwb-brand?post=62703"},{"taxonomy":"product_brand","embeddable":true,"href":"https:\/\/www.pussycatmerida.com\/eshop\/wp-json\/wp\/v2\/product_brand?post=62703"},{"taxonomy":"product_cat","embeddable":true,"href":"https:\/\/www.pussycatmerida.com\/eshop\/wp-json\/wp\/v2\/product_cat?post=62703"},{"taxonomy":"product_tag","embeddable":true,"href":"https:\/\/www.pussycatmerida.com\/eshop\/wp-json\/wp\/v2\/product_tag?post=62703"}],"curies":[{"name":"wp","href":"https:\/\/api.w.org\/{rel}","templated":true}]}}