{"id":62823,"date":"2021-03-01T13:29:52","date_gmt":"2021-03-01T11:29:52","guid":{"rendered":"https:\/\/www.pussycatmerida.com\/eshop\/product\/secretplay-chronomasutra-juego-gay-kit-es-en-it-pt-fr\/"},"modified":"2026-03-11T12:26:54","modified_gmt":"2026-03-11T11:26:54","slug":"secretplay-chronomasutra-juego-gay-kit-es-en-it-pt-fr","status":"publish","type":"product","link":"https:\/\/www.pussycatmerida.com\/eshop\/producto\/secretplay-chronomasutra-juego-gay-kit-es-en-it-pt-fr\/","title":{"rendered":"SECRETPLAY CHRONOMASUTRA JUEGO GAY KIT ES\/EN\/IT\/PT\/FR"},"content":{"rendered":"<p>Lanza el dado y realiza la postura se\u00f1alada, utiliza el reloj de arena para cronometrar, deber\u00e1s realizar la postura se\u00f1alada hasta que el tiempo se agote (1 minuto),tu pareja lanzar\u00e1 el dado para practicar la siguiente posici\u00f3n.<\/p>\n<ul>\n<li>El jugador que llegue antes al orgasmo pierde la partida<\/li>\n<\/ul>\n<p>Idiomas; Frances, Espa\u00f1ol, Italiano, Ingles y Portugues<\/p>\n","protected":false},"excerpt":{"rendered":"<p>SECRETPLAY CHRONOMASUTRA PLAY GAY KIT ES\/EN\/IT\/PT\/FR<\/p>\n","protected":false},"featured_media":62824,"template":"","meta":[],"pwb-brand":[498,786],"product_brand":[],"product_cat":[378,375,376,377,443,471],"product_tag":[],"class_list":{"0":"post-62823","1":"product","2":"type-product","3":"status-publish","4":"has-post-thumbnail","6":"pwb-brand-secretplay","7":"pwb-brand-secretplaysecretplay-100-games","8":"product_cat-juegosdados","9":"product_cat-juegos","10":"product_cat-juegosjuegos-de-pareja","11":"product_cat-juegosjuegos-de-sociedad","12":"product_cat-juegosjuegos-en-espanol","13":"product_cat-novedades","14":"post_count_is_0","15":"boutique_post_style_4","17":"first","18":"instock","19":"taxable","20":"shipping-taxable","21":"purchasable","22":"product-type-simple","23":"boutique_image_style_2"},"brands":[{"id":498,"name":"SECRETPLAY","slug":"secretplay"},{"id":786,"name":"SECRETPLAY 100% GAMES","slug":"secretplaysecretplay-100-games"}],"_links":{"self":[{"href":"https:\/\/www.pussycatmerida.com\/eshop\/wp-json\/wp\/v2\/product\/62823","targetHints":{"allow":["GET"]}}],"collection":[{"href":"https:\/\/www.pussycatmerida.com\/eshop\/wp-json\/wp\/v2\/product"}],"about":[{"href":"https:\/\/www.pussycatmerida.com\/eshop\/wp-json\/wp\/v2\/types\/product"}],"wp:featuredmedia":[{"embeddable":true,"href":"https:\/\/www.pussycatmerida.com\/eshop\/wp-json\/wp\/v2\/media\/62824"}],"wp:attachment":[{"href":"https:\/\/www.pussycatmerida.com\/eshop\/wp-json\/wp\/v2\/media?parent=62823"}],"wp:term":[{"taxonomy":"pwb-brand","embeddable":true,"href":"https:\/\/www.pussycatmerida.com\/eshop\/wp-json\/wp\/v2\/pwb-brand?post=62823"},{"taxonomy":"product_brand","embeddable":true,"href":"https:\/\/www.pussycatmerida.com\/eshop\/wp-json\/wp\/v2\/product_brand?post=62823"},{"taxonomy":"product_cat","embeddable":true,"href":"https:\/\/www.pussycatmerida.com\/eshop\/wp-json\/wp\/v2\/product_cat?post=62823"},{"taxonomy":"product_tag","embeddable":true,"href":"https:\/\/www.pussycatmerida.com\/eshop\/wp-json\/wp\/v2\/product_tag?post=62823"}],"curies":[{"name":"wp","href":"https:\/\/api.w.org\/{rel}","templated":true}]}}