{"id":63857,"date":"2021-03-09T10:54:04","date_gmt":"2021-03-09T08:54:04","guid":{"rendered":"https:\/\/www.pussycatmerida.com\/eshop\/producto\/control-gel-3-en-1-hot-passion-200-ml\/"},"modified":"2026-03-11T12:38:50","modified_gmt":"2026-03-11T11:38:50","slug":"control-gel-3-en-1-hot-passion-200-ml","status":"publish","type":"product","link":"https:\/\/www.pussycatmerida.com\/eshop\/producto\/control-gel-3-en-1-hot-passion-200-ml\/","title":{"rendered":"CONTROL GEL 3 EN 1 HOT PASSION 200 ML"},"content":{"rendered":"<p>Manten viva la llama por todo tu cuerpo con el nuevo 3 en 1 Hot Passion: Masajea, estimula y lubrica gracias a su formula de larga duraci\u00f3n para la lubricaci\u00f3n y a su placentero efecto calor que sensibiliza y estimula para que las relaciones sean m\u00e1s placenteras<\/p>\n<ul>\n<li>Gel 3 en 1\u00a0<\/li>\n<li>Efecto calor\u00a0<\/li>\n<li>Sin aroma\u00a0<\/li>\n<li>Hidratante, hipoalerg\u00e9nico ni az\u00facares\u00a0<\/li>\n<li>200 ml\u00a0<\/li>\n<\/ul>\n<p>\u00a0<\/p>\n<p>\u00a0<\/p>\n","protected":false},"excerpt":{"rendered":"<p>CONTROL HOT PASSION 3 IN 1 GEL 200 ML<\/p>\n","protected":false},"featured_media":46259,"template":"","meta":[],"pwb-brand":[50],"product_brand":[],"product_cat":[342,337,339,353,351,355,338],"product_tag":[],"class_list":{"0":"post-63857","1":"product","2":"type-product","3":"status-publish","4":"has-post-thumbnail","6":"pwb-brand-control","7":"product_cat-aceites-y-lubricantesaceites-y-cremas-de-masaje","8":"product_cat-aceites-y-lubricantes","9":"product_cat-aceites-y-lubricanteslubricantesbase-de-agua","10":"product_cat-aceites-y-lubricantesaceites-y-cremas-de-masajeclima-erotico","11":"product_cat-aceites-y-lubricantesaceites-y-cremas-de-masajecon-efecto-calor","12":"product_cat-aceites-y-lubricantesaceites-y-cremas-de-masajecremas-de-masaje","13":"product_cat-aceites-y-lubricanteslubricantes","14":"post_count_is_0","15":"boutique_post_style_4","17":"first","18":"instock","19":"taxable","20":"shipping-taxable","21":"purchasable","22":"product-type-simple","23":"boutique_image_style_2"},"brands":[{"id":50,"name":"CONTROL","slug":"control"}],"_links":{"self":[{"href":"https:\/\/www.pussycatmerida.com\/eshop\/wp-json\/wp\/v2\/product\/63857","targetHints":{"allow":["GET"]}}],"collection":[{"href":"https:\/\/www.pussycatmerida.com\/eshop\/wp-json\/wp\/v2\/product"}],"about":[{"href":"https:\/\/www.pussycatmerida.com\/eshop\/wp-json\/wp\/v2\/types\/product"}],"wp:featuredmedia":[{"embeddable":true,"href":"https:\/\/www.pussycatmerida.com\/eshop\/wp-json\/wp\/v2\/media\/46259"}],"wp:attachment":[{"href":"https:\/\/www.pussycatmerida.com\/eshop\/wp-json\/wp\/v2\/media?parent=63857"}],"wp:term":[{"taxonomy":"pwb-brand","embeddable":true,"href":"https:\/\/www.pussycatmerida.com\/eshop\/wp-json\/wp\/v2\/pwb-brand?post=63857"},{"taxonomy":"product_brand","embeddable":true,"href":"https:\/\/www.pussycatmerida.com\/eshop\/wp-json\/wp\/v2\/product_brand?post=63857"},{"taxonomy":"product_cat","embeddable":true,"href":"https:\/\/www.pussycatmerida.com\/eshop\/wp-json\/wp\/v2\/product_cat?post=63857"},{"taxonomy":"product_tag","embeddable":true,"href":"https:\/\/www.pussycatmerida.com\/eshop\/wp-json\/wp\/v2\/product_tag?post=63857"}],"curies":[{"name":"wp","href":"https:\/\/api.w.org\/{rel}","templated":true}]}}