{"id":8964,"date":"2021-02-26T14:27:16","date_gmt":"2021-02-26T12:27:16","guid":{"rendered":"https:\/\/www.pussycatmerida.com\/eshop\/product\/bijoux-glos-sexo-oral-efecto-frio-calor\/"},"modified":"2026-03-11T12:38:42","modified_gmt":"2026-03-11T11:38:42","slug":"bijoux-glos-sexo-oral-efecto-frio-calor","status":"publish","type":"product","link":"https:\/\/www.pussycatmerida.com\/eshop\/producto\/bijoux-glos-sexo-oral-efecto-frio-calor\/","title":{"rendered":"BIJOUX GLOS SEXO ORAL EFECTO FRIO  CALOR"},"content":{"rendered":"<p>Alcanza una nueva dimensi\u00f3n del sexo oral con este brillo labial estimulante efecto fr\u00edo y calor que convierte tu boca en una verdadera \u201cpuerta al placer\u201d.<\/p>\n<ul>\n<li>Contenido: Brillo labial efecto fr\u00edo y calor para sexo oral (13 ml).<\/li>\n<\/ul>\n<p>Aplica el brillo labial en los labios y deja actuar unos segundos. El efecto fr\u00edo-calor se siente y se potencia con el roce y las sensaciones se disparan para ambos hasta llegar al cl\u00edmax.<\/p>\n<ul>\n<li>Compatible y recomendado con la zona \u00edntima \/ er\u00f3gena<\/li>\n<\/ul>\n<p>Bijoux es simbolo de placer , erotismo y sensualidad, fabrican productos clave para el mejor climax en tus momentos intimos.<\/p>\n<p>La imaginaci\u00f3n est\u00e1 presente en todos los aspectos de la vida, pero cobra especial relevancia en los momentos de intimidad. En Bijoux Indiscrets, sabemos lo importante que son las fantas\u00edas y el juego en las relaciones.<\/p>\n<p>Por eso, cada uno de nuestros productos esconde una idea, una historia y un secreto que los dota de personalidad, haci\u00e9ndolos \u00fanicos.<\/p>\n<p>Bienvenidos al mundo secreto de Bijoux Indiscrets.<\/p>\n<ul>\n<li>El origen del Nombre Bijoux Indiscrets!<\/li>\n<\/ul>\n<p>\u201cLes Bijoux Indiscrets\u201d es\u00a0 la novela er\u00f3tica escrita por\u00a0 Denis Diderot, en el\u00a0 s.XVIII, en la que sus personajes viven en un mundo on\u00edrico repleto de erotismo y fantas\u00eda. A esa otra realidad, acceden gracias a un anillo m\u00e1gico. Y es, precisamente, ese \u201canillo m\u00e1gico\u201d el que preside\u00a0\u00a0 nuestro nombre, y esperamos nos guie, para poder conducir tambi\u00e9n a todos nuestros clientes hasta ese otro mundo lleno de placeres y sensuales aventuras.<\/p>\n<p style=\"text-align: center;\"><iframe loading=\"lazy\" allowfullscreen=\"\" frameborder=\"0\" height=\"300\" scrolling=\"no\" src=\"https:\/\/www.youtube.com\/embed\/jqFzr6UwdYc?rel=0controls=0showinfo=0\" width=\"800\"><\/iframe><\/p>\n<p style=\"text-align: center;\"><iframe loading=\"lazy\" allowfullscreen=\"\" frameborder=\"0\" height=\"300\" scrolling=\"no\" src=\"https:\/\/www.youtube.com\/embed\/hwTvgJD65as?rel=0controls=0showinfo=0\" width=\"800\"><\/iframe><\/p>\n","protected":false},"excerpt":{"rendered":"<p>ORAL PLEASURE AROUSAL LIP GLOS<\/p>\n","protected":false},"featured_media":46893,"template":"","meta":[],"pwb-brand":[51,758],"product_brand":[],"product_cat":[337,913],"product_tag":[],"class_list":{"0":"post-8964","1":"product","2":"type-product","3":"status-publish","4":"has-post-thumbnail","6":"pwb-brand-bijoux-indiscrets","7":"pwb-brand-bijoux-indiscretsbijoux-love-cosmetiques","8":"product_cat-aceites-y-lubricantes","9":"product_cat-sexo-oral","10":"post_count_is_0","11":"boutique_post_style_4","13":"first","14":"instock","15":"taxable","16":"shipping-taxable","17":"purchasable","18":"product-type-simple","19":"boutique_image_style_2"},"brands":[{"id":51,"name":"BIJOUX INDISCRETS","slug":"bijoux-indiscrets"},{"id":758,"name":"BIJOUX LOVE COSMETIQUES","slug":"bijoux-indiscretsbijoux-love-cosmetiques"}],"_links":{"self":[{"href":"https:\/\/www.pussycatmerida.com\/eshop\/wp-json\/wp\/v2\/product\/8964","targetHints":{"allow":["GET"]}}],"collection":[{"href":"https:\/\/www.pussycatmerida.com\/eshop\/wp-json\/wp\/v2\/product"}],"about":[{"href":"https:\/\/www.pussycatmerida.com\/eshop\/wp-json\/wp\/v2\/types\/product"}],"wp:featuredmedia":[{"embeddable":true,"href":"https:\/\/www.pussycatmerida.com\/eshop\/wp-json\/wp\/v2\/media\/46893"}],"wp:attachment":[{"href":"https:\/\/www.pussycatmerida.com\/eshop\/wp-json\/wp\/v2\/media?parent=8964"}],"wp:term":[{"taxonomy":"pwb-brand","embeddable":true,"href":"https:\/\/www.pussycatmerida.com\/eshop\/wp-json\/wp\/v2\/pwb-brand?post=8964"},{"taxonomy":"product_brand","embeddable":true,"href":"https:\/\/www.pussycatmerida.com\/eshop\/wp-json\/wp\/v2\/product_brand?post=8964"},{"taxonomy":"product_cat","embeddable":true,"href":"https:\/\/www.pussycatmerida.com\/eshop\/wp-json\/wp\/v2\/product_cat?post=8964"},{"taxonomy":"product_tag","embeddable":true,"href":"https:\/\/www.pussycatmerida.com\/eshop\/wp-json\/wp\/v2\/product_tag?post=8964"}],"curies":[{"name":"wp","href":"https:\/\/api.w.org\/{rel}","templated":true}]}}