{"id":92748,"date":"2022-03-07T17:57:52","date_gmt":"2022-03-07T16:57:52","guid":{"rendered":"https:\/\/www.pussycatmerida.com\/eshop\/?post_type=product&#038;p=92748"},"modified":"2022-03-07T17:57:53","modified_gmt":"2022-03-07T16:57:53","slug":"pjur-med-natural-lubricante-base-agua-100-ml","status":"publish","type":"product","link":"https:\/\/www.pussycatmerida.com\/eshop\/producto\/pjur-med-natural-lubricante-base-agua-100-ml\/","title":{"rendered":"PJUR MED NATURAL LUBRICANTE BASE AGUA 100 ML"},"content":{"rendered":"<p>Pjur\u00ae med NATURAL glide est\u00e1 espec\u00edficamente formulado para pieles secas. La f\u00f3rmula natural y basada en la naturaleza con glicerina vegetal pura proporciona humedad adicional y lubricaci\u00f3n de larga duraci\u00f3n. Protege y alivia la piel seca. Especialmente adecuado para membranas mucosas sensibles.<\/p>\n<p>Instrucciones de uso: Se aplican a cualquier \u00e1rea del cuerpo donde se desea humedad adicional. Adecuado para uso diario.<\/p>\n<p>    Humectaci\u00f3n suave<br \/>\n    Protege la piel \/ mucosa sensible<br \/>\n    Ideal para uso diario<br \/>\n    Compatible con condones de l\u00e1tex.<br \/>\n    Ingredientes: Aqua (agua), glicerina, goma de xantano, alcohol benc\u00edlico, benzoato de sodio, sorbato de potasio, \u00e1cido c\u00edtrico<\/p>\n<p>Pjur\u00ae es L\u00edder mundial en la fabricaci\u00f3n de lubricantes anales y vaginales, as\u00ed como de retardantes y potenciadores, son de larga duraci\u00f3n, su fiabilidad y durabilidad es un referente en el sector.<\/p>\n<p>Envase de 100 ml.<\/p>\n","protected":false},"excerpt":{"rendered":"<p>Pjur\u00ae med NATURAL glide est\u00e1 espec\u00edficamente formulado para pieles secas. La f\u00f3rmula natural y basada en la naturaleza con glicerina vegetal pura proporciona humedad adicional y lubricaci\u00f3n de larga duraci\u00f3n. Protege y alivia la piel seca. Especialmente adecuado para membranas mucosas sensibles.<\/p>\n","protected":false},"featured_media":92749,"template":"","meta":[],"pwb-brand":[],"product_brand":[],"product_cat":[337,338,900],"product_tag":[],"class_list":{"0":"post-92748","1":"product","2":"type-product","3":"status-publish","4":"has-post-thumbnail","6":"product_cat-aceites-y-lubricantes","7":"product_cat-aceites-y-lubricanteslubricantes","8":"product_cat-lubricantes-naturales","9":"post_count_is_0","10":"boutique_post_style_4","12":"first","13":"instock","14":"taxable","15":"shipping-taxable","16":"purchasable","17":"product-type-simple","18":"boutique_image_style_2"},"brands":[],"_links":{"self":[{"href":"https:\/\/www.pussycatmerida.com\/eshop\/wp-json\/wp\/v2\/product\/92748","targetHints":{"allow":["GET"]}}],"collection":[{"href":"https:\/\/www.pussycatmerida.com\/eshop\/wp-json\/wp\/v2\/product"}],"about":[{"href":"https:\/\/www.pussycatmerida.com\/eshop\/wp-json\/wp\/v2\/types\/product"}],"wp:featuredmedia":[{"embeddable":true,"href":"https:\/\/www.pussycatmerida.com\/eshop\/wp-json\/wp\/v2\/media\/92749"}],"wp:attachment":[{"href":"https:\/\/www.pussycatmerida.com\/eshop\/wp-json\/wp\/v2\/media?parent=92748"}],"wp:term":[{"taxonomy":"pwb-brand","embeddable":true,"href":"https:\/\/www.pussycatmerida.com\/eshop\/wp-json\/wp\/v2\/pwb-brand?post=92748"},{"taxonomy":"product_brand","embeddable":true,"href":"https:\/\/www.pussycatmerida.com\/eshop\/wp-json\/wp\/v2\/product_brand?post=92748"},{"taxonomy":"product_cat","embeddable":true,"href":"https:\/\/www.pussycatmerida.com\/eshop\/wp-json\/wp\/v2\/product_cat?post=92748"},{"taxonomy":"product_tag","embeddable":true,"href":"https:\/\/www.pussycatmerida.com\/eshop\/wp-json\/wp\/v2\/product_tag?post=92748"}],"curies":[{"name":"wp","href":"https:\/\/api.w.org\/{rel}","templated":true}]}}