{"id":92750,"date":"2022-03-07T17:59:41","date_gmt":"2022-03-07T16:59:41","guid":{"rendered":"https:\/\/www.pussycatmerida.com\/eshop\/?post_type=product&#038;p=92750"},"modified":"2022-03-07T17:59:41","modified_gmt":"2022-03-07T16:59:41","slug":"pjur-med-lubricante-reparador-100-ml","status":"publish","type":"product","link":"https:\/\/www.pussycatmerida.com\/eshop\/producto\/pjur-med-lubricante-reparador-100-ml\/","title":{"rendered":"PJUR MED LUBRICANTE REPARADOR 100 ML"},"content":{"rendered":"<p>Lubricante de base acuosa con componentes naturales, proporciona un efecto regenerador mediante una hidrataci\u00f3n intensiva de la piel.<\/p>\n<p>Sus principales cualidades son;<\/p>\n<p>    Contiene \u00e1cido hialur\u00f3nico para una hidrataci\u00f3n excepcional y deslizamiento prolongado.<br \/>\n    Una pel\u00edcula deslizante invisible protege la piel de la sequedad y la suaviza.<br \/>\n    Excelente compatibilidad con la piel y con la mucosa.<br \/>\n    Dermatol\u00f3gicamente testado.<br \/>\n    Adecuado para el uso con preservativos de l\u00e1tex.<br \/>\n    No contiene colorantes, ni aromas sint\u00e9ticos, ni derivados de parafina. Sin aceites ni grasas; sabor y olor neutro.<\/p>\n<p>Si alguna  vez has tenido algun problema con cualquier otro lubricante este puede ser el tuyo.<\/p>\n<p>Conservantes id\u00e9nticos a los naturales.<\/p>\n<p>Sin anticonceptivos.<\/p>\n<p>No contiene espermicidas.<\/p>\n<p>Pjur\u00ae es L\u00edder mundial en la fabricaci\u00f3n de lubricantes anales y vaginales, as\u00ed como de retardantes y potenciadores, son de larga duraci\u00f3n, su fiabilidad y durabilidad es un referente en el sector.<\/p>\n<p>Envase de 100 ml.<\/p>\n","protected":false},"excerpt":{"rendered":"<p>Lubricante de base acuosa con componentes naturales, proporciona un efecto regenerador mediante una hidrataci\u00f3n intensiva de la piel.<\/p>\n<p>Sus principales cualidades son;<\/p>\n<p>    Contiene \u00e1cido hialur\u00f3nico para una hidrataci\u00f3n excepcional y deslizamiento prolongado.<br \/>\n    Una pel\u00edcula deslizante invisible protege la piel de la sequedad y la suaviza.<br \/>\n    Excelente compatibilidad con la piel y con la mucosa.<br \/>\n    Dermatol\u00f3gicamente testado.<br \/>\n    Adecuado para el uso con preservativos de l\u00e1tex.<br \/>\n    No contiene colorantes, ni aromas sint\u00e9ticos, ni derivados de parafina. Sin aceites ni grasas; sabor y olor neutro.<\/p>\n<p>Si alguna  vez has tenido algun problema con cualquier otro lubricante este puede ser el tuyo.<\/p>\n","protected":false},"featured_media":92751,"template":"","meta":[],"pwb-brand":[],"product_brand":[],"product_cat":[954],"product_tag":[],"class_list":{"0":"post-92750","1":"product","2":"type-product","3":"status-publish","4":"has-post-thumbnail","6":"product_cat-sin-categorizar","7":"post_count_is_0","8":"boutique_post_style_4","10":"first","11":"instock","12":"taxable","13":"shipping-taxable","14":"purchasable","15":"product-type-simple","16":"boutique_image_style_2"},"brands":[],"_links":{"self":[{"href":"https:\/\/www.pussycatmerida.com\/eshop\/wp-json\/wp\/v2\/product\/92750","targetHints":{"allow":["GET"]}}],"collection":[{"href":"https:\/\/www.pussycatmerida.com\/eshop\/wp-json\/wp\/v2\/product"}],"about":[{"href":"https:\/\/www.pussycatmerida.com\/eshop\/wp-json\/wp\/v2\/types\/product"}],"wp:featuredmedia":[{"embeddable":true,"href":"https:\/\/www.pussycatmerida.com\/eshop\/wp-json\/wp\/v2\/media\/92751"}],"wp:attachment":[{"href":"https:\/\/www.pussycatmerida.com\/eshop\/wp-json\/wp\/v2\/media?parent=92750"}],"wp:term":[{"taxonomy":"pwb-brand","embeddable":true,"href":"https:\/\/www.pussycatmerida.com\/eshop\/wp-json\/wp\/v2\/pwb-brand?post=92750"},{"taxonomy":"product_brand","embeddable":true,"href":"https:\/\/www.pussycatmerida.com\/eshop\/wp-json\/wp\/v2\/product_brand?post=92750"},{"taxonomy":"product_cat","embeddable":true,"href":"https:\/\/www.pussycatmerida.com\/eshop\/wp-json\/wp\/v2\/product_cat?post=92750"},{"taxonomy":"product_tag","embeddable":true,"href":"https:\/\/www.pussycatmerida.com\/eshop\/wp-json\/wp\/v2\/product_tag?post=92750"}],"curies":[{"name":"wp","href":"https:\/\/api.w.org\/{rel}","templated":true}]}}